{"id":10208,"date":"2022-08-10T14:24:35","date_gmt":"2022-08-10T14:24:35","guid":{"rendered":"https:\/\/old.hafnarborg.is\/?post_type=event&#038;p=10208"},"modified":"2022-08-10T14:24:35","modified_gmt":"2022-08-10T14:24:35","slug":"artist-talk-sigurdur-amundason-2","status":"publish","type":"event","link":"https:\/\/old.hafnarborg.is\/en\/event\/artist-talk-sigurdur-amundason-2\/","title":{"rendered":"Artist Talk \u2013 Sigur\u00f0ur \u00c1mundason"},"content":{"rendered":"<p><strong>Sunday August 21st at 2 p.m.<\/strong>, we invite you to an artist talk about\u00a0<strong>Sigur\u00f0ur \u00c1mundason\u2019s<\/strong>\u00a0exhibition,\u00a0<em>What\u2019s Up, Ave Maria?<\/em>, but that will also be the final day of the exhibition.<\/p>\n<p class=\"cxmmr5t8 oygrvhab hcukyx3x c1et5uql o9v6fnle\">The exhibition presents new and recent works by Sigur\u00f0ur, drawings and video, dealing with symbols, signs, icons or logos. Such signs have weight in our society, even power \u2013 as we seek to interpret the symbols, which tell us something, inform us or communicate a specific message. But what happens if the logo or sign we see does not appear to mark or refer to anything specific? If the logo looks like a logo, uses the language of a logo, but does not point to anything?<\/p>\n<p class=\"cxmmr5t8 oygrvhab hcukyx3x c1et5uql o9v6fnle\"><strong>Sigur\u00f0ur \u00c1mundason<\/strong>\u00a0graduated from the Department of Fine Art of the Iceland University of the Arts in 2012. Sigur\u00f0ur has had thirteen solo exhibitions so far, for example at Kling &amp; Bang, Kunstschlager, H\u00fasi\u00f0 in Patreksfj\u00f6r\u00f0ur, Open, Ekkisens and Outvert Art Space. He has also participated in many group exhibitions. He has worked as a teacher both at the Reykjav\u00edk School of Visual Art and the Iceland University of the Arts. In 2020, he received a nomination for the Motivational Award of the Icelandic Art Prize.<\/p>\n<p><strong>Free entry \u2013 everyone welcome.<\/strong><\/p>\n","protected":false},"excerpt":{"rendered":"<p>Sunday August 21st at 2 p.m., we invite you to an artist talk about\u00a0Sigur\u00f0ur \u00c1mundason\u2019s\u00a0exhibition,\u00a0What\u2019s Up, Ave Maria?, but that will also be the final day of the exhibition. The exhibition presents new and recent works by Sigur\u00f0ur, drawings and video, dealing with symbols, signs, icons or logos. Such signs have weight in our society, [&hellip;]<\/p>\n","protected":false},"author":6,"featured_media":9786,"menu_order":144,"template":"","format":"standard","class_list":["post-10208","event","type-event","status-publish","format-standard","has-post-thumbnail","hentry"],"acf":[],"_links":{"self":[{"href":"https:\/\/old.hafnarborg.is\/en\/wp-json\/wp\/v2\/event\/10208","targetHints":{"allow":["GET"]}}],"collection":[{"href":"https:\/\/old.hafnarborg.is\/en\/wp-json\/wp\/v2\/event"}],"about":[{"href":"https:\/\/old.hafnarborg.is\/en\/wp-json\/wp\/v2\/types\/event"}],"author":[{"embeddable":true,"href":"https:\/\/old.hafnarborg.is\/en\/wp-json\/wp\/v2\/users\/6"}],"version-history":[{"count":1,"href":"https:\/\/old.hafnarborg.is\/en\/wp-json\/wp\/v2\/event\/10208\/revisions"}],"predecessor-version":[{"id":10209,"href":"https:\/\/old.hafnarborg.is\/en\/wp-json\/wp\/v2\/event\/10208\/revisions\/10209"}],"wp:featuredmedia":[{"embeddable":true,"href":"https:\/\/old.hafnarborg.is\/en\/wp-json\/wp\/v2\/media\/9786"}],"wp:attachment":[{"href":"https:\/\/old.hafnarborg.is\/en\/wp-json\/wp\/v2\/media?parent=10208"}],"curies":[{"name":"wp","href":"https:\/\/api.w.org\/{rel}","templated":true}]}}

Artist Talk – Sigurður Ámundason

<p><strong>Sunday August 21st at 2 p.m.</strong>, we invite you to an artist talk about <strong>Sigurður Ámundason’s</strong> exhibition, <em>What’s Up, Ave Maria?</em>, but that will also be the final day of the exhibition.</p>
<p class="cxmmr5t8 oygrvhab hcukyx3x c1et5uql o9v6fnle">The exhibition presents new and recent works by Sigurður, drawings and video, dealing with symbols, signs, icons or logos. Such signs have weight in our society, even power – as we seek to interpret the symbols, which tell us something, inform us or communicate a specific message. But what happens if the logo or sign we see does not appear to mark or refer to anything specific? If the logo looks like a logo, uses the language of a logo, but does not point to anything?</p>
<p class="cxmmr5t8 oygrvhab hcukyx3x c1et5uql o9v6fnle"><strong>Sigurður Ámundason</strong> graduated from the Department of Fine Art of the Iceland University of the Arts in 2012. Sigurður has had thirteen solo exhibitions so far, for example at Kling &amp; Bang, Kunstschlager, Húsið in Patreksfjörður, Open, Ekkisens and Outvert Art Space. He has also participated in many group exhibitions. He has worked as a teacher both at the Reykjavík School of Visual Art and the Iceland University of the Arts. In 2020, he received a nomination for the Motivational Award of the Icelandic Art Prize.</p>
<p><strong>Free entry – everyone welcome.</strong></p>

<p>Sunday August 21st at 2 p.m., we invite you to an artist talk about Sigurður Ámundason’s exhibition, What’s Up, Ave Maria?, but that will also be the final day of the exhibition. The exhibition presents new and recent works by Sigurður, drawings and video, dealing with symbols, signs, icons or logos. Such signs have weight in our society, [&hellip;]</p>
