{"id":10232,"date":"2022-08-31T14:08:52","date_gmt":"2022-08-31T14:08:52","guid":{"rendered":"https:\/\/old.hafnarborg.is\/?post_type=event&#038;p=10232"},"modified":"2022-08-31T20:52:38","modified_gmt":"2022-08-31T20:52:38","slug":"afternoon-concert-dan-cassidys-trio-and-andrea-gylfadottir","status":"publish","type":"event","link":"https:\/\/old.hafnarborg.is\/en\/event\/afternoon-concert-dan-cassidys-trio-and-andrea-gylfadottir\/","title":{"rendered":"Afternoon Concert \u2013 Dan Cassidy&#8217;s Trio and Andrea Gylfad\u00f3ttir"},"content":{"rendered":"<p><strong>Friday September 9th at 6 p.m.<\/strong>, we welcome you to the first concert of the season in the <strong>Hafnarborg Afternoon Concert series<\/strong>, now returning for the third year. This concert will feature the trio of violinist <strong>Dan Cassidy<\/strong>, alongside <strong>Andr\u00e9s \u00de\u00f3r<\/strong> on guitar and <strong>J\u00f3n Rafnsson<\/strong> on contrabass. Special guest will then be renowned singer <strong>Andrea Gylfad\u00f3ttir<\/strong>. At the concert, they will perform beloved jazz and blues standards, as well as select gems from the world of pop music, in the spirit of violinists St\u00e9phane Grappelli, Didier Lockwood and Svend Asmussen. The concert will last for approximately one hour and entry is free.<\/p>\n<p><em>The concert series is supported by the town of Hafnarfj\u00f6r\u00f0ur and the Rann\u00eds Music Fund.<\/em><\/p>\n<p><span style=\"color: #00dcd3;\">Photographs by: R\u00fanar Gunnarsson.<\/span><\/p>\n","protected":false},"excerpt":{"rendered":"<p>Friday September 9th at 6 p.m., we welcome you to the first concert of the season in the Hafnarborg Afternoon Concert series, now returning for the third year. This concert will feature the trio of violinist Dan Cassidy, alongside Andr\u00e9s \u00de\u00f3r on guitar and J\u00f3n Rafnsson on contrabass. Special guest will then be renowned singer [&hellip;]<\/p>\n","protected":false},"author":6,"featured_media":10228,"menu_order":142,"template":"","format":"standard","class_list":["post-10232","event","type-event","status-publish","format-standard","has-post-thumbnail","hentry"],"acf":[],"_links":{"self":[{"href":"https:\/\/old.hafnarborg.is\/en\/wp-json\/wp\/v2\/event\/10232","targetHints":{"allow":["GET"]}}],"collection":[{"href":"https:\/\/old.hafnarborg.is\/en\/wp-json\/wp\/v2\/event"}],"about":[{"href":"https:\/\/old.hafnarborg.is\/en\/wp-json\/wp\/v2\/types\/event"}],"author":[{"embeddable":true,"href":"https:\/\/old.hafnarborg.is\/en\/wp-json\/wp\/v2\/users\/6"}],"version-history":[{"count":2,"href":"https:\/\/old.hafnarborg.is\/en\/wp-json\/wp\/v2\/event\/10232\/revisions"}],"predecessor-version":[{"id":10236,"href":"https:\/\/old.hafnarborg.is\/en\/wp-json\/wp\/v2\/event\/10232\/revisions\/10236"}],"wp:featuredmedia":[{"embeddable":true,"href":"https:\/\/old.hafnarborg.is\/en\/wp-json\/wp\/v2\/media\/10228"}],"wp:attachment":[{"href":"https:\/\/old.hafnarborg.is\/en\/wp-json\/wp\/v2\/media?parent=10232"}],"curies":[{"name":"wp","href":"https:\/\/api.w.org\/{rel}","templated":true}]}}

Afternoon Concert – Dan Cassidy&#8217;s Trio and Andrea Gylfadóttir

<p><strong>Friday September 9th at 6 p.m.</strong>, we welcome you to the first concert of the season in the <strong>Hafnarborg Afternoon Concert series</strong>, now returning for the third year. This concert will feature the trio of violinist <strong>Dan Cassidy</strong>, alongside <strong>Andrés Þór</strong> on guitar and <strong>Jón Rafnsson</strong> on contrabass. Special guest will then be renowned singer <strong>Andrea Gylfadóttir</strong>. At the concert, they will perform beloved jazz and blues standards, as well as select gems from the world of pop music, in the spirit of violinists Stéphane Grappelli, Didier Lockwood and Svend Asmussen. The concert will last for approximately one hour and entry is free.</p>
<p><em>The concert series is supported by the town of Hafnarfjörður and the Rannís Music Fund.</em></p>
<p><span style="color: #00dcd3;">Photographs by: Rúnar Gunnarsson.</span></p>

<p>Friday September 9th at 6 p.m., we welcome you to the first concert of the season in the Hafnarborg Afternoon Concert series, now returning for the third year. This concert will feature the trio of violinist Dan Cassidy, alongside Andrés Þór on guitar and Jón Rafnsson on contrabass. Special guest will then be renowned singer [&hellip;]</p>
