{"id":12102,"date":"2023-12-06T14:54:07","date_gmt":"2023-12-06T14:54:07","guid":{"rendered":"https:\/\/old.hafnarborg.is\/?post_type=event&#038;p=12102"},"modified":"2023-12-06T14:59:06","modified_gmt":"2023-12-06T14:59:06","slug":"landscape-for-the-chosen-ones-curatorial-talk-2","status":"publish","type":"event","link":"https:\/\/old.hafnarborg.is\/en\/event\/landscape-for-the-chosen-ones-curatorial-talk-2\/","title":{"rendered":"Landscape for the Chosen Ones \u2013 Curatorial Talk"},"content":{"rendered":"<p><strong>Sunday December 10th at 2 p.m.<\/strong><strong>,<\/strong>\u00a0we invite you to a curatorial talk of our autumn exhibition,\u00a0<em>Landscape for the Chosen Ones<\/em>, with\u00a0<strong>Eva L\u00edn Vilhj\u00e1lmsd\u00f3ttir<\/strong>\u00a0and\u00a0<strong>Odda J\u00fal\u00eda Snorrad\u00f3ttir<\/strong>, following the reopening of the exhibition this past weekend, as the upper gallery of the museum was closed for a few weeks during the installation of a new lighting system in the space.<\/p>\n<p>The exhibition explores the aesthetics of escapism. We live in a time of overwhelming and drastic changes within a society that increasingly expects individuals to take personal responsibility for global issues. Therefore, escapism has become intertwined with everyday life, yet its manifestations are multifaceted, although they often reflect the situations they are sprouted from.<\/p>\n<p>The participating artists are Arna Beth, Fritz Hendrik IV, Margr\u00e9t Helga Sesseljud\u00f3ttir, S\u00f3l Hansd\u00f3ttir, Vikram Pradhan, B\u00edb\u00ed S\u00f6ring and \u00der\u00e1ndur J\u00f3hannsson, but the exhibition also features works by Eir\u00edkur Smith, Patrick Huse and Sigrid Valtingojer from the collection of Hafnarborg and the AS\u00cd Art Museum.<\/p>\n<p><strong>Free entry \u2013 everyone welcome.<\/strong><\/p>\n","protected":false},"excerpt":{"rendered":"<p>Sunday December 10th at 2 p.m.,\u00a0we invite you to a curatorial talk of our autumn exhibition,\u00a0Landscape for the Chosen Ones, with\u00a0Eva L\u00edn Vilhj\u00e1lmsd\u00f3ttir\u00a0and\u00a0Odda J\u00fal\u00eda Snorrad\u00f3ttir, following the reopening of the exhibition this past weekend, as the upper gallery of the museum was closed for a few weeks during the installation of a new lighting system [&hellip;]<\/p>\n","protected":false},"author":6,"featured_media":11881,"menu_order":80,"template":"","format":"standard","class_list":["post-12102","event","type-event","status-publish","format-standard","has-post-thumbnail","hentry"],"acf":[],"_links":{"self":[{"href":"https:\/\/old.hafnarborg.is\/en\/wp-json\/wp\/v2\/event\/12102","targetHints":{"allow":["GET"]}}],"collection":[{"href":"https:\/\/old.hafnarborg.is\/en\/wp-json\/wp\/v2\/event"}],"about":[{"href":"https:\/\/old.hafnarborg.is\/en\/wp-json\/wp\/v2\/types\/event"}],"author":[{"embeddable":true,"href":"https:\/\/old.hafnarborg.is\/en\/wp-json\/wp\/v2\/users\/6"}],"version-history":[{"count":2,"href":"https:\/\/old.hafnarborg.is\/en\/wp-json\/wp\/v2\/event\/12102\/revisions"}],"predecessor-version":[{"id":12106,"href":"https:\/\/old.hafnarborg.is\/en\/wp-json\/wp\/v2\/event\/12102\/revisions\/12106"}],"wp:featuredmedia":[{"embeddable":true,"href":"https:\/\/old.hafnarborg.is\/en\/wp-json\/wp\/v2\/media\/11881"}],"wp:attachment":[{"href":"https:\/\/old.hafnarborg.is\/en\/wp-json\/wp\/v2\/media?parent=12102"}],"curies":[{"name":"wp","href":"https:\/\/api.w.org\/{rel}","templated":true}]}}

<p><strong>Sunday December 10th at 2 p.m.</strong><strong>,</strong> we invite you to a curatorial talk of our autumn exhibition, <em>Landscape for the Chosen Ones</em>, with <strong>Eva Lín Vilhjálmsdóttir</strong> and <strong>Odda Júlía Snorradóttir</strong>, following the reopening of the exhibition this past weekend, as the upper gallery of the museum was closed for a few weeks during the installation of a new lighting system in the space.</p>
<p>The exhibition explores the aesthetics of escapism. We live in a time of overwhelming and drastic changes within a society that increasingly expects individuals to take personal responsibility for global issues. Therefore, escapism has become intertwined with everyday life, yet its manifestations are multifaceted, although they often reflect the situations they are sprouted from.</p>
<p>The participating artists are Arna Beth, Fritz Hendrik IV, Margrét Helga Sesseljudóttir, Sól Hansdóttir, Vikram Pradhan, Bíbí Söring and Þrándur Jóhannsson, but the exhibition also features works by Eiríkur Smith, Patrick Huse and Sigrid Valtingojer from the collection of Hafnarborg and the ASÍ Art Museum.</p>
<p><strong>Free entry – everyone welcome.</strong></p>

<p>Sunday December 10th at 2 p.m., we invite you to a curatorial talk of our autumn exhibition, Landscape for the Chosen Ones, with Eva Lín Vilhjálmsdóttir and Odda Júlía Snorradóttir, following the reopening of the exhibition this past weekend, as the upper gallery of the museum was closed for a few weeks during the installation of a new lighting system [&hellip;]</p>
