{"id":12316,"date":"2024-02-12T16:40:02","date_gmt":"2024-02-12T16:40:02","guid":{"rendered":"https:\/\/old.hafnarborg.is\/?post_type=event&#038;p=12316"},"modified":"2024-02-12T16:40:02","modified_gmt":"2024-02-12T16:40:02","slug":"in-my-language-guided-tour-in-english","status":"publish","type":"event","link":"https:\/\/old.hafnarborg.is\/en\/event\/in-my-language-guided-tour-in-english\/","title":{"rendered":"In My Language \u2013 Guided Tour in English"},"content":{"rendered":"<p><strong>Saturday February 17th at 2 p.m.<\/strong>, we invite you to a guided tour in English of our current exhibitions \u2013 <em>Tidemark<\/em>, a retrospective of works by J\u00f3n\u00edna Gu\u00f0nad\u00f3ttir, and <em>Pointers<\/em>, featuring new works by \u00de\u00f3r Sigur\u00fe\u00f3rsson. The event is part of the museum\u2019s programme In My Language, which aims at welcoming guests to Hafnarborg in various languages, thus making the museum more accessible to people of different backgrounds. The programme is supported by the Museum Fund.<\/p>\n<p><strong>J\u00f3n\u00edna Gu\u00f0nad\u00f3ttir<\/strong> (b. 1943) has long been one of Iceland\u02bcs most prominent ceramicists, being a pioneer of using clay as material for independent artworks. The development of her exceptional imagery indicates a sound knowledge of clay and a singular perception of form and creativity. J\u00f3n\u00edna studied art at the Icelandic College of Art and Crafts and Reykjav\u00edk School of Visual Arts, going on to graduate from Konstfack, University of Arts, Crafts and Design, in Stockholm, where she studied ceramics. This retrospective presents an overview of J\u00f3n\u00edna\u2019s career, spanning decades and a wide range of works, including practical items that she made early on and new artworks, created in the last year.<\/p>\n<p><strong>\u00de\u00f3r Sigur\u00fe\u00f3rsson<\/strong>\u2019s (b. 1977) works are in many ways a collection of suggestions \u2013\u00a0<em>pointers<\/em>\u00a0\u2013 that lead viewers on their own journey of discovery. \u00de\u00f3r often works with found objects or other seemingly mundane items that he puts into new context, drawing lines of intersection across time and space. Using material that contains remains of time, of repetition and cyclicity, of procession, the artist turns our understanding of everyday items upside down. We instead encounter subtle visual poems, where experience, perception and execution hint at our fleeting world in an enigmatic manner.<\/p>\n<p><strong>Free entry \u2013 see you at Hafnarborg.<\/strong><\/p>\n","protected":false},"excerpt":{"rendered":"<p>Saturday February 17th at 2 p.m., we invite you to a guided tour in English of our current exhibitions \u2013 Tidemark, a retrospective of works by J\u00f3n\u00edna Gu\u00f0nad\u00f3ttir, and Pointers, featuring new works by \u00de\u00f3r Sigur\u00fe\u00f3rsson. The event is part of the museum\u2019s programme In My Language, which aims at welcoming guests to Hafnarborg in [&hellip;]<\/p>\n","protected":false},"author":6,"featured_media":11782,"menu_order":73,"template":"","format":"standard","class_list":["post-12316","event","type-event","status-publish","format-standard","has-post-thumbnail","hentry"],"acf":[],"_links":{"self":[{"href":"https:\/\/old.hafnarborg.is\/en\/wp-json\/wp\/v2\/event\/12316","targetHints":{"allow":["GET"]}}],"collection":[{"href":"https:\/\/old.hafnarborg.is\/en\/wp-json\/wp\/v2\/event"}],"about":[{"href":"https:\/\/old.hafnarborg.is\/en\/wp-json\/wp\/v2\/types\/event"}],"author":[{"embeddable":true,"href":"https:\/\/old.hafnarborg.is\/en\/wp-json\/wp\/v2\/users\/6"}],"version-history":[{"count":1,"href":"https:\/\/old.hafnarborg.is\/en\/wp-json\/wp\/v2\/event\/12316\/revisions"}],"predecessor-version":[{"id":12317,"href":"https:\/\/old.hafnarborg.is\/en\/wp-json\/wp\/v2\/event\/12316\/revisions\/12317"}],"wp:featuredmedia":[{"embeddable":true,"href":"https:\/\/old.hafnarborg.is\/en\/wp-json\/wp\/v2\/media\/11782"}],"wp:attachment":[{"href":"https:\/\/old.hafnarborg.is\/en\/wp-json\/wp\/v2\/media?parent=12316"}],"curies":[{"name":"wp","href":"https:\/\/api.w.org\/{rel}","templated":true}]}}

<p><strong>Saturday February 17th at 2 p.m.</strong>, we invite you to a guided tour in English of our current exhibitions – <em>Tidemark</em>, a retrospective of works by Jónína Guðnadóttir, and <em>Pointers</em>, featuring new works by Þór Sigurþórsson. The event is part of the museum’s programme In My Language, which aims at welcoming guests to Hafnarborg in various languages, thus making the museum more accessible to people of different backgrounds. The programme is supported by the Museum Fund.</p>
<p><strong>Jónína Guðnadóttir</strong> (b. 1943) has long been one of Icelandʼs most prominent ceramicists, being a pioneer of using clay as material for independent artworks. The development of her exceptional imagery indicates a sound knowledge of clay and a singular perception of form and creativity. Jónína studied art at the Icelandic College of Art and Crafts and Reykjavík School of Visual Arts, going on to graduate from Konstfack, University of Arts, Crafts and Design, in Stockholm, where she studied ceramics. This retrospective presents an overview of Jónína’s career, spanning decades and a wide range of works, including practical items that she made early on and new artworks, created in the last year.</p>
<p><strong>Þór Sigurþórsson</strong>’s (b. 1977) works are in many ways a collection of suggestions – <em>pointers</em> – that lead viewers on their own journey of discovery. Þór often works with found objects or other seemingly mundane items that he puts into new context, drawing lines of intersection across time and space. Using material that contains remains of time, of repetition and cyclicity, of procession, the artist turns our understanding of everyday items upside down. We instead encounter subtle visual poems, where experience, perception and execution hint at our fleeting world in an enigmatic manner.</p>
<p><strong>Free entry – see you at Hafnarborg.</strong></p>

<p>Saturday February 17th at 2 p.m., we invite you to a guided tour in English of our current exhibitions – Tidemark, a retrospective of works by Jónína Guðnadóttir, and Pointers, featuring new works by Þór Sigurþórsson. The event is part of the museum’s programme In My Language, which aims at welcoming guests to Hafnarborg in [&hellip;]</p>
