{"id":12477,"date":"2024-04-10T21:25:35","date_gmt":"2024-04-10T21:25:35","guid":{"rendered":"https:\/\/old.hafnarborg.is\/?post_type=event&#038;p=12477"},"modified":"2024-04-10T21:25:35","modified_gmt":"2024-04-10T21:25:35","slug":"tidemark-artist-and-curator-talk-2","status":"publish","type":"event","link":"https:\/\/old.hafnarborg.is\/en\/event\/tidemark-artist-and-curator-talk-2\/","title":{"rendered":"Tidemark \u2013 Artist and Curator Talk"},"content":{"rendered":"<p><strong>Saturday April 27th at 2 p.m.<\/strong>, we invite you to an artist and curator talk about the exhibition\u00a0<em>Tidemark<\/em>, which comes to an end that same weekend. Artist\u00a0<strong>J\u00f3n\u00edna Gu\u00f0nad\u00f3ttir<\/strong>\u00a0and curator\u00a0<strong>A\u00f0alhei\u00f0ur Valgeirsd\u00f3ttir<\/strong>\u00a0will greet guests and talk about the works on view, as well as J\u00f3n\u00edna\u2019s artistic practice.<\/p>\n<p>J\u00f3n\u00edna Gu\u00f0nad\u00f3ttir (b. 1943) has long been one of Iceland\u02bcs most prominent ceramicists and gained attention early on for her artful practical items. She was a pioneer of using clay as material for independent artworks. The development of her exceptional imagery also indicates a sound knowledge of clay and a singular perception of form and creativity. J\u00f3n\u00edna studied art at the Icelandic College of Art and Crafts and Reykjav\u00edk School of Visual Arts, going on to graduate from Konstfack, University of Arts, Crafts and Design, in Stockholm, where she studied ceramics.<\/p>\n<p>J\u00f3n\u00edna held her first solo exhibition in Unuh\u00fas in Reykjav\u00edk in 1968 and she has held numerous exhibitions since, in Iceland and abroad. Her works have also been regularly exhibited at Hafnarborg since the founding of the museum. The current exhibition presents an overview of J\u00f3n\u00edna\u2019s career, spanning decades and a wide range of works, including practical items that she made early on and new artworks, created in the last year. Coinciding with the exhibition, Hafnarborg has also published a book about the life and work of J\u00f3n\u00edna, with a text written by A\u00f0alhei\u00f0ur.<\/p>\n<p><strong>Free entry \u2013 see you at Hafnarborg.<\/strong><\/p>\n","protected":false},"excerpt":{"rendered":"<p>Saturday April 27th at 2 p.m., we invite you to an artist and curator talk about the exhibition\u00a0Tidemark, which comes to an end that same weekend. Artist\u00a0J\u00f3n\u00edna Gu\u00f0nad\u00f3ttir\u00a0and curator\u00a0A\u00f0alhei\u00f0ur Valgeirsd\u00f3ttir\u00a0will greet guests and talk about the works on view, as well as J\u00f3n\u00edna\u2019s artistic practice. J\u00f3n\u00edna Gu\u00f0nad\u00f3ttir (b. 1943) has long been one of Iceland\u02bcs [&hellip;]<\/p>\n","protected":false},"author":6,"featured_media":12209,"menu_order":62,"template":"","format":"standard","class_list":["post-12477","event","type-event","status-publish","format-standard","has-post-thumbnail","hentry"],"acf":[],"_links":{"self":[{"href":"https:\/\/old.hafnarborg.is\/en\/wp-json\/wp\/v2\/event\/12477","targetHints":{"allow":["GET"]}}],"collection":[{"href":"https:\/\/old.hafnarborg.is\/en\/wp-json\/wp\/v2\/event"}],"about":[{"href":"https:\/\/old.hafnarborg.is\/en\/wp-json\/wp\/v2\/types\/event"}],"author":[{"embeddable":true,"href":"https:\/\/old.hafnarborg.is\/en\/wp-json\/wp\/v2\/users\/6"}],"version-history":[{"count":1,"href":"https:\/\/old.hafnarborg.is\/en\/wp-json\/wp\/v2\/event\/12477\/revisions"}],"predecessor-version":[{"id":12478,"href":"https:\/\/old.hafnarborg.is\/en\/wp-json\/wp\/v2\/event\/12477\/revisions\/12478"}],"wp:featuredmedia":[{"embeddable":true,"href":"https:\/\/old.hafnarborg.is\/en\/wp-json\/wp\/v2\/media\/12209"}],"wp:attachment":[{"href":"https:\/\/old.hafnarborg.is\/en\/wp-json\/wp\/v2\/media?parent=12477"}],"curies":[{"name":"wp","href":"https:\/\/api.w.org\/{rel}","templated":true}]}}

<p><strong>Saturday April 27th at 2 p.m.</strong>, we invite you to an artist and curator talk about the exhibition <em>Tidemark</em>, which comes to an end that same weekend. Artist <strong>Jónína Guðnadóttir</strong> and curator <strong>Aðalheiður Valgeirsdóttir</strong> will greet guests and talk about the works on view, as well as Jónína’s artistic practice.</p>
<p>Jónína Guðnadóttir (b. 1943) has long been one of Icelandʼs most prominent ceramicists and gained attention early on for her artful practical items. She was a pioneer of using clay as material for independent artworks. The development of her exceptional imagery also indicates a sound knowledge of clay and a singular perception of form and creativity. Jónína studied art at the Icelandic College of Art and Crafts and Reykjavík School of Visual Arts, going on to graduate from Konstfack, University of Arts, Crafts and Design, in Stockholm, where she studied ceramics.</p>
<p>Jónína held her first solo exhibition in Unuhús in Reykjavík in 1968 and she has held numerous exhibitions since, in Iceland and abroad. Her works have also been regularly exhibited at Hafnarborg since the founding of the museum. The current exhibition presents an overview of Jónína’s career, spanning decades and a wide range of works, including practical items that she made early on and new artworks, created in the last year. Coinciding with the exhibition, Hafnarborg has also published a book about the life and work of Jónína, with a text written by Aðalheiður.</p>
<p><strong>Free entry – see you at Hafnarborg.</strong></p>

<p>Saturday April 27th at 2 p.m., we invite you to an artist and curator talk about the exhibition Tidemark, which comes to an end that same weekend. Artist Jónína Guðnadóttir and curator Aðalheiður Valgeirsdóttir will greet guests and talk about the works on view, as well as Jónína’s artistic practice. Jónína Guðnadóttir (b. 1943) has long been one of Icelandʼs [&hellip;]</p>
