{"id":13733,"date":"2025-05-05T14:45:39","date_gmt":"2025-05-05T14:45:39","guid":{"rendered":"https:\/\/old.hafnarborg.is\/?post_type=event&#038;p=13733"},"modified":"2025-05-05T14:45:39","modified_gmt":"2025-05-05T14:45:39","slug":"universality-artist-and-curator-talk","status":"publish","type":"event","link":"https:\/\/old.hafnarborg.is\/en\/event\/universality-artist-and-curator-talk\/","title":{"rendered":"Universality &#8211; Artist and Curator Talk"},"content":{"rendered":"<p><strong>Saturday May 10th at 1 p.m.<\/strong>, we invite you to a talk of J\u00f3na Hl\u00edf Halld\u00f3rsd\u00f3ttir\u2019s exhibition <em>Universality <\/em>with both the artist and the curator H\u00f3lmar H\u00f3lm. Through a fusion of text and imagery, J\u00f3na Hl\u00edf explores the creative power of language \u2013 its capacity to connect, express and transcend cultural boundaries. The exhibition invites reflection on what it means to be human and how language shapes our understanding of the world, of our reality and of ourselves.<\/p>\n<p>Visuals and written language merge and the boundaries between the local and the universal blur, as the artist engages with the fragility of meaning and our constant drive to communicate. The exhibition challenges viewers to consider how language mirrors the universe itself and our ongoing struggle to grasp the universal, confronting ourselves. Underlying it all is a focus on the concept of \u201chuman experience\u201d and its inextricable connection to the broader phenomenon of life itself.<\/p>\n<p><strong>J\u00f3na Hl\u00edf Halld\u00f3rsd\u00f3ttir<\/strong>\u00a0(b. 1978) graduated from the Academy of Fine Arts in Akureyri in 2005, completed an MFA degree from Glasgow School of Art in Scotland in 2007, as well as an MA in art education from the Iceland University of the Arts in 2013. In recent years, J\u00f3na Hl\u00edf\u2019s artistic practice has focused on exploring the concepts of time, being and the image, with special regard to illumination, space and representation. J\u00f3na Hl\u00edf has held various solo exhibitions in art spaces both in Iceland and abroad, including BERG Contemporary and the Akureyri Art Museum. She has also participated in numerous group exhibitions and her works belong to the collections of a number of museums in Iceland.<\/p>\n<p><strong>Free entry \u2013 see you at Hafnarborg.<\/strong><\/p>\n","protected":false},"excerpt":{"rendered":"<p>Saturday May 10th at 1 p.m., we invite you to a talk of J\u00f3na Hl\u00edf Halld\u00f3rsd\u00f3ttir\u2019s exhibition Universality with both the artist and the curator H\u00f3lmar H\u00f3lm. Through a fusion of text and imagery, J\u00f3na Hl\u00edf explores the creative power of language \u2013 its capacity to connect, express and transcend cultural boundaries. The exhibition invites [&hellip;]<\/p>\n","protected":false},"author":6,"featured_media":13746,"menu_order":2,"template":"","format":"standard","class_list":["post-13733","event","type-event","status-publish","format-standard","has-post-thumbnail","hentry"],"acf":[],"_links":{"self":[{"href":"https:\/\/old.hafnarborg.is\/en\/wp-json\/wp\/v2\/event\/13733","targetHints":{"allow":["GET"]}}],"collection":[{"href":"https:\/\/old.hafnarborg.is\/en\/wp-json\/wp\/v2\/event"}],"about":[{"href":"https:\/\/old.hafnarborg.is\/en\/wp-json\/wp\/v2\/types\/event"}],"author":[{"embeddable":true,"href":"https:\/\/old.hafnarborg.is\/en\/wp-json\/wp\/v2\/users\/6"}],"version-history":[{"count":1,"href":"https:\/\/old.hafnarborg.is\/en\/wp-json\/wp\/v2\/event\/13733\/revisions"}],"predecessor-version":[{"id":13734,"href":"https:\/\/old.hafnarborg.is\/en\/wp-json\/wp\/v2\/event\/13733\/revisions\/13734"}],"wp:featuredmedia":[{"embeddable":true,"href":"https:\/\/old.hafnarborg.is\/en\/wp-json\/wp\/v2\/media\/13746"}],"wp:attachment":[{"href":"https:\/\/old.hafnarborg.is\/en\/wp-json\/wp\/v2\/media?parent=13733"}],"curies":[{"name":"wp","href":"https:\/\/api.w.org\/{rel}","templated":true}]}}

<p><strong>Saturday May 10th at 1 p.m.</strong>, we invite you to a talk of Jóna Hlíf Halldórsdóttir’s exhibition <em>Universality </em>with both the artist and the curator Hólmar Hólm. Through a fusion of text and imagery, Jóna Hlíf explores the creative power of language – its capacity to connect, express and transcend cultural boundaries. The exhibition invites reflection on what it means to be human and how language shapes our understanding of the world, of our reality and of ourselves.</p>
<p>Visuals and written language merge and the boundaries between the local and the universal blur, as the artist engages with the fragility of meaning and our constant drive to communicate. The exhibition challenges viewers to consider how language mirrors the universe itself and our ongoing struggle to grasp the universal, confronting ourselves. Underlying it all is a focus on the concept of “human experience” and its inextricable connection to the broader phenomenon of life itself.</p>
<p><strong>Jóna Hlíf Halldórsdóttir</strong> (b. 1978) graduated from the Academy of Fine Arts in Akureyri in 2005, completed an MFA degree from Glasgow School of Art in Scotland in 2007, as well as an MA in art education from the Iceland University of the Arts in 2013. In recent years, Jóna Hlíf’s artistic practice has focused on exploring the concepts of time, being and the image, with special regard to illumination, space and representation. Jóna Hlíf has held various solo exhibitions in art spaces both in Iceland and abroad, including BERG Contemporary and the Akureyri Art Museum. She has also participated in numerous group exhibitions and her works belong to the collections of a number of museums in Iceland.</p>
<p><strong>Free entry – see you at Hafnarborg.</strong></p>

<p>Saturday May 10th at 1 p.m., we invite you to a talk of Jóna Hlíf Halldórsdóttir’s exhibition Universality with both the artist and the curator Hólmar Hólm. Through a fusion of text and imagery, Jóna Hlíf explores the creative power of language – its capacity to connect, express and transcend cultural boundaries. The exhibition invites [&hellip;]</p>
