{"id":14502,"date":"2025-11-25T15:28:48","date_gmt":"2025-11-25T15:28:48","guid":{"rendered":"https:\/\/old.hafnarborg.is\/?post_type=event&#038;p=14502"},"modified":"2025-11-25T15:28:48","modified_gmt":"2025-11-25T15:28:48","slug":"afternoon-concert-silva-thordardottir","status":"publish","type":"event","link":"https:\/\/old.hafnarborg.is\/en\/event\/afternoon-concert-silva-thordardottir\/","title":{"rendered":"Afternoon Concert \u2013 Silva \u00de\u00f3r\u00f0ard\u00f3ttir"},"content":{"rendered":"<p data-start=\"57\" data-end=\"366\"><strong>Friday December 5th at 6 p.m.<\/strong>, jazz singer <strong>Silva \u00de\u00f3r\u00f0ard\u00f3ttir<\/strong> will perform at the next Afternoon Concert at Hafnarborg, accompanied by <strong>\u00deorgr\u00edmur J\u00f3nsson<\/strong> on double bass and <strong>Andr\u00e9s \u00de\u00f3r Gunnlaugsson<\/strong> on guitar. The programme will feature a mix of festive holiday music along with well-known jazz standards.<\/p>\n<p data-start=\"368\" data-end=\"1038\">Silva \u00de\u00f3r\u00f0ard\u00f3ttir studied jazz vocals at the F\u00cdH Music School and released her standards album <em data-start=\"175\" data-end=\"184\">Skylark<\/em> in 2019. Since then, she has collaborated with many of Iceland\u2019s leading jazz musicians, received three nominations for the Icelandic Music Awards for jazz vocals and frequently performed with the vocal ensemble Jazzkonur. Together with Steingr\u00edmur Teague, as Silva &amp; Steini, she released the acclaimed album <em data-start=\"488\" data-end=\"508\">More Than You Know<\/em> in 2022, which has now been streamed over six million times. Their Christmas album <em data-start=\"592\" data-end=\"623\">Christmas with Silva &amp; Steini<\/em> came out last holiday season, followed by <em data-start=\"666\" data-end=\"686\">More Understanding<\/em> in September of this year.<\/p>\n<p><strong>The concert lasts for approximately one hour and admission is free.<\/strong><\/p>\n<p><em>The concert series is supported by the town of Hafnarfj\u00f6r\u00f0ur.<\/em><\/p>\n","protected":false},"excerpt":{"rendered":"<p>Friday December 5th at 6 p.m., jazz singer Silva \u00de\u00f3r\u00f0ard\u00f3ttir will perform at the next Afternoon Concert at Hafnarborg, accompanied by \u00deorgr\u00edmur J\u00f3nsson on double bass and Andr\u00e9s \u00de\u00f3r Gunnlaugsson on guitar. The programme will feature a mix of festive holiday music along with well-known jazz standards. Silva \u00de\u00f3r\u00f0ard\u00f3ttir studied jazz vocals at the F\u00cdH [&hellip;]<\/p>\n","protected":false},"author":6,"featured_media":14500,"menu_order":0,"template":"","format":"standard","class_list":["post-14502","event","type-event","status-publish","format-standard","has-post-thumbnail","hentry"],"acf":[],"_links":{"self":[{"href":"https:\/\/old.hafnarborg.is\/en\/wp-json\/wp\/v2\/event\/14502","targetHints":{"allow":["GET"]}}],"collection":[{"href":"https:\/\/old.hafnarborg.is\/en\/wp-json\/wp\/v2\/event"}],"about":[{"href":"https:\/\/old.hafnarborg.is\/en\/wp-json\/wp\/v2\/types\/event"}],"author":[{"embeddable":true,"href":"https:\/\/old.hafnarborg.is\/en\/wp-json\/wp\/v2\/users\/6"}],"version-history":[{"count":1,"href":"https:\/\/old.hafnarborg.is\/en\/wp-json\/wp\/v2\/event\/14502\/revisions"}],"predecessor-version":[{"id":14503,"href":"https:\/\/old.hafnarborg.is\/en\/wp-json\/wp\/v2\/event\/14502\/revisions\/14503"}],"wp:featuredmedia":[{"embeddable":true,"href":"https:\/\/old.hafnarborg.is\/en\/wp-json\/wp\/v2\/media\/14500"}],"wp:attachment":[{"href":"https:\/\/old.hafnarborg.is\/en\/wp-json\/wp\/v2\/media?parent=14502"}],"curies":[{"name":"wp","href":"https:\/\/api.w.org\/{rel}","templated":true}]}}

Afternoon Concert – Silva Þórðardóttir

<p data-start="57" data-end="366"><strong>Friday December 5th at 6 p.m.</strong>, jazz singer <strong>Silva Þórðardóttir</strong> will perform at the next Afternoon Concert at Hafnarborg, accompanied by <strong>Þorgrímur Jónsson</strong> on double bass and <strong>Andrés Þór Gunnlaugsson</strong> on guitar. The programme will feature a mix of festive holiday music along with well-known jazz standards.</p>
<p data-start="368" data-end="1038">Silva Þórðardóttir studied jazz vocals at the FÍH Music School and released her standards album <em data-start="175" data-end="184">Skylark</em> in 2019. Since then, she has collaborated with many of Iceland’s leading jazz musicians, received three nominations for the Icelandic Music Awards for jazz vocals and frequently performed with the vocal ensemble Jazzkonur. Together with Steingrímur Teague, as Silva &amp; Steini, she released the acclaimed album <em data-start="488" data-end="508">More Than You Know</em> in 2022, which has now been streamed over six million times. Their Christmas album <em data-start="592" data-end="623">Christmas with Silva &amp; Steini</em> came out last holiday season, followed by <em data-start="666" data-end="686">More Understanding</em> in September of this year.</p>
<p><strong>The concert lasts for approximately one hour and admission is free.</strong></p>
<p><em>The concert series is supported by the town of Hafnarfjörður.</em></p>

<p>Friday December 5th at 6 p.m., jazz singer Silva Þórðardóttir will perform at the next Afternoon Concert at Hafnarborg, accompanied by Þorgrímur Jónsson on double bass and Andrés Þór Gunnlaugsson on guitar. The programme will feature a mix of festive holiday music along with well-known jazz standards. Silva Þórðardóttir studied jazz vocals at the FÍH [&hellip;]</p>
