{"id":2244,"date":"2015-07-06T01:10:03","date_gmt":"2015-07-06T01:10:03","guid":{"rendered":"http:\/\/hafnarborg.wpengine.com\/?post_type=event&#038;p=2244"},"modified":"2015-07-06T01:10:03","modified_gmt":"2015-07-06T01:10:03","slug":"culture-walks-in-hafnarfjordur-arts-spark","status":"publish","type":"event","link":"https:\/\/old.hafnarborg.is\/en\/event\/culture-walks-in-hafnarfjordur-arts-spark\/","title":{"rendered":"Culture walks in Hafnarfj\u00f6r\u00f0ur &#8211; Art&#8217;s Spark"},"content":{"rendered":"<p>This summer, guided evening walks will be held in Hafnarfj\u00f6r\u00f0ur all Thursdays at 8 pm. Each walk will take about an hour and is appropriate to all. Participation is free at charge.<\/p>\n<p><strong>Thursday June 9th at 8 p.m.\u00a0<\/strong>the walk will take place around the areas where the artist Hanna Dav\u00ed\u00f0sson lived. She moved into\u00a0S\u00edvertsens-house\u00a0in the year 1912\u00a0and\u00a0is the oldest house of Hafnarfj0rdur. Hanna&#8217;s story will be told and the places which inspired her art will be discussed. The walk ends with a visit to Fr\u00edkirkjan church in Hafnarfj\u00f6r\u00f0ur but works by Hanna hold an important place in the church.<\/p>\n<p>The walk starts at the <strong>Pakkh\u00fas<\/strong> of the town&#8217;s museum of Hafnarfj\u00f6r\u00f0ur at <strong>Vesturgata 6.<\/strong><\/p>\n<p>&nbsp;<\/p>\n<p>\u00d3l\u00f6f K. Sigur\u00f0ard\u00f3ttir, director of Hafnarborg, will lead the walk along with Hulda Cathinca Gu\u00f0mundsd\u00f3ttir, Hanna&#8217;s grandchild. \u00d3l\u00f6f curated an exhibition of Hanna&#8217;s work in the beginning of the year and drew attention to the work of this sincere artist that worked in Hafnarfj\u00f6r\u00f0ur throughout her\u00a0life.<\/p>\n<p><strong>\u00a0\u00a0<\/strong><\/p>\n<p>&nbsp;<\/p>\n","protected":false},"excerpt":{"rendered":"<p>This summer, guided evening walks will be held in Hafnarfj\u00f6r\u00f0ur all Thursdays at 8 pm. Each walk will take about an hour and is appropriate to all. Participation is free at charge. Thursday June 9th at 8 p.m.\u00a0the walk will take place around the areas where the artist Hanna Dav\u00ed\u00f0sson lived. She moved into\u00a0S\u00edvertsens-house\u00a0in the [&hellip;]<\/p>\n","protected":false},"author":5,"featured_media":2231,"menu_order":294,"template":"","format":"standard","class_list":["post-2244","event","type-event","status-publish","format-standard","has-post-thumbnail","hentry"],"acf":[],"_links":{"self":[{"href":"https:\/\/old.hafnarborg.is\/en\/wp-json\/wp\/v2\/event\/2244","targetHints":{"allow":["GET"]}}],"collection":[{"href":"https:\/\/old.hafnarborg.is\/en\/wp-json\/wp\/v2\/event"}],"about":[{"href":"https:\/\/old.hafnarborg.is\/en\/wp-json\/wp\/v2\/types\/event"}],"author":[{"embeddable":true,"href":"https:\/\/old.hafnarborg.is\/en\/wp-json\/wp\/v2\/users\/5"}],"version-history":[{"count":0,"href":"https:\/\/old.hafnarborg.is\/en\/wp-json\/wp\/v2\/event\/2244\/revisions"}],"wp:featuredmedia":[{"embeddable":true,"href":"https:\/\/old.hafnarborg.is\/en\/wp-json\/wp\/v2\/media\/2231"}],"wp:attachment":[{"href":"https:\/\/old.hafnarborg.is\/en\/wp-json\/wp\/v2\/media?parent=2244"}],"curies":[{"name":"wp","href":"https:\/\/api.w.org\/{rel}","templated":true}]}}

Culture walks in Hafnarfjörður &#8211; Art&#8217;s Spark

<p>This summer, guided evening walks will be held in Hafnarfjörður all Thursdays at 8 pm. Each walk will take about an hour and is appropriate to all. Participation is free at charge.</p>
<p><strong>Thursday June 9th at 8 p.m. </strong>the walk will take place around the areas where the artist Hanna Davíðsson lived. She moved into Sívertsens-house in the year 1912 and is the oldest house of Hafnarfj0rdur. Hanna&#8217;s story will be told and the places which inspired her art will be discussed. The walk ends with a visit to Fríkirkjan church in Hafnarfjörður but works by Hanna hold an important place in the church.</p>
<p>The walk starts at the <strong>Pakkhús</strong> of the town&#8217;s museum of Hafnarfjörður at <strong>Vesturgata 6.</strong></p>
<p>&nbsp;</p>
<p>Ólöf K. Sigurðardóttir, director of Hafnarborg, will lead the walk along with Hulda Cathinca Guðmundsdóttir, Hanna&#8217;s grandchild. Ólöf curated an exhibition of Hanna&#8217;s work in the beginning of the year and drew attention to the work of this sincere artist that worked in Hafnarfjörður throughout her life.</p>
<p><strong>  </strong></p>
<p>&nbsp;</p>

<p>This summer, guided evening walks will be held in Hafnarfjörður all Thursdays at 8 pm. Each walk will take about an hour and is appropriate to all. Participation is free at charge. Thursday June 9th at 8 p.m. the walk will take place around the areas where the artist Hanna Davíðsson lived. She moved into Sívertsens-house in the [&hellip;]</p>
