{"id":2467,"date":"2015-08-11T10:01:03","date_gmt":"2015-08-11T10:01:03","guid":{"rendered":"http:\/\/hafnarborg.wpengine.com\/?post_type=event&#038;p=2467"},"modified":"2015-08-11T10:01:03","modified_gmt":"2015-08-11T10:01:03","slug":"curators-talk-the-world-without-us","status":"publish","type":"event","link":"https:\/\/old.hafnarborg.is\/en\/event\/curators-talk-the-world-without-us\/","title":{"rendered":"Curator&#8217;s talk &#8211; The World Without Us"},"content":{"rendered":"<p><strong>Sunday, September 6th at 3 p.m.<\/strong> the exhibition&#8217;s curators, <strong>A\u00f0alhei\u00f0ur Valgeirsd\u00f3ttir<\/strong> og <strong>Ald\u00eds Arnard\u00f3ttir<\/strong>, will discuss the exhibition with guests of Hafnarborg. Their proposal was chosen when Hafnarborg called for exhibition-proposals for the fall exhibition in Hafnarborg 2015.<\/p>\n<p>In the exhibition\u00a0<em>The World Without Us\u00a0<\/em>Icelandic artists have been lead together that\u00a0address the universe in their works and shead light on specific parts of it, the far away or the upclose, micro or macro. This way the many dimensions of the universe are unrevieled where at the same time we look for continuity and wholeness.<\/p>\n<p>The artists that have work in the exhibition belong to different generations and their pieces are made in various mediums. They are:\u00a0Bj\u00f6rg \u00deorsteinsd\u00f3ttir (1940), Brynhildur \u00deorgeirsd\u00f3ttir (1955), Finnur J\u00f3nsson (1892-1993), Ger\u00f0ur Helgad\u00f3ttir (1928-1975), Marta Mar\u00eda J\u00f3nsd\u00f3ttir (1974), Ragnar M\u00e1r Nikul\u00e1sson (1985), Steina Vasulka (1940) og Vilhj\u00e1lmur \u00deorberg Bergsson (1937).<\/p>\n","protected":false},"excerpt":{"rendered":"<p>Sunday, September 6th at 3 p.m. the exhibition&#8217;s curators, A\u00f0alhei\u00f0ur Valgeirsd\u00f3ttir og Ald\u00eds Arnard\u00f3ttir, will discuss the exhibition with guests of Hafnarborg. Their proposal was chosen when Hafnarborg called for exhibition-proposals for the fall exhibition in Hafnarborg 2015. In the exhibition\u00a0The World Without Us\u00a0Icelandic artists have been lead together that\u00a0address the universe in their works [&hellip;]<\/p>\n","protected":false},"author":5,"featured_media":2391,"menu_order":287,"template":"","format":"standard","class_list":["post-2467","event","type-event","status-publish","format-standard","has-post-thumbnail","hentry"],"acf":[],"_links":{"self":[{"href":"https:\/\/old.hafnarborg.is\/en\/wp-json\/wp\/v2\/event\/2467","targetHints":{"allow":["GET"]}}],"collection":[{"href":"https:\/\/old.hafnarborg.is\/en\/wp-json\/wp\/v2\/event"}],"about":[{"href":"https:\/\/old.hafnarborg.is\/en\/wp-json\/wp\/v2\/types\/event"}],"author":[{"embeddable":true,"href":"https:\/\/old.hafnarborg.is\/en\/wp-json\/wp\/v2\/users\/5"}],"version-history":[{"count":0,"href":"https:\/\/old.hafnarborg.is\/en\/wp-json\/wp\/v2\/event\/2467\/revisions"}],"wp:featuredmedia":[{"embeddable":true,"href":"https:\/\/old.hafnarborg.is\/en\/wp-json\/wp\/v2\/media\/2391"}],"wp:attachment":[{"href":"https:\/\/old.hafnarborg.is\/en\/wp-json\/wp\/v2\/media?parent=2467"}],"curies":[{"name":"wp","href":"https:\/\/api.w.org\/{rel}","templated":true}]}}

<p><strong>Sunday, September 6th at 3 p.m.</strong> the exhibition&#8217;s curators, <strong>Aðalheiður Valgeirsdóttir</strong> og <strong>Aldís Arnardóttir</strong>, will discuss the exhibition with guests of Hafnarborg. Their proposal was chosen when Hafnarborg called for exhibition-proposals for the fall exhibition in Hafnarborg 2015.</p>
<p>In the exhibition <em>The World Without Us </em>Icelandic artists have been lead together that address the universe in their works and shead light on specific parts of it, the far away or the upclose, micro or macro. This way the many dimensions of the universe are unrevieled where at the same time we look for continuity and wholeness.</p>
<p>The artists that have work in the exhibition belong to different generations and their pieces are made in various mediums. They are: Björg Þorsteinsdóttir (1940), Brynhildur Þorgeirsdóttir (1955), Finnur Jónsson (1892-1993), Gerður Helgadóttir (1928-1975), Marta María Jónsdóttir (1974), Ragnar Már Nikulásson (1985), Steina Vasulka (1940) og Vilhjálmur Þorberg Bergsson (1937).</p>

<p>Sunday, September 6th at 3 p.m. the exhibition&#8217;s curators, Aðalheiður Valgeirsdóttir og Aldís Arnardóttir, will discuss the exhibition with guests of Hafnarborg. Their proposal was chosen when Hafnarborg called for exhibition-proposals for the fall exhibition in Hafnarborg 2015. In the exhibition The World Without Us Icelandic artists have been lead together that address the universe in their works [&hellip;]</p>
