{"id":2469,"date":"2015-08-11T10:05:55","date_gmt":"2015-08-11T10:05:55","guid":{"rendered":"http:\/\/hafnarborg.wpengine.com\/?post_type=event&#038;p=2469"},"modified":"2015-09-21T14:02:14","modified_gmt":"2015-09-21T14:02:14","slug":"artist-talk-marta-maria-jonsdottir","status":"publish","type":"event","link":"https:\/\/old.hafnarborg.is\/en\/event\/artist-talk-marta-maria-jonsdottir\/","title":{"rendered":"Artist talk &#8211; Marta Mar\u00eda J\u00f3nsd\u00f3ttir"},"content":{"rendered":"<p><strong>Sunday, september 27th at 3 p.m.<\/strong> the artist <strong>Marta Mar\u00eda J\u00f3nsd\u00f3ttir<\/strong> will talk about her work in the exhibition The World Without Us. The exhibition is Hafnarborg&#8217;s fall-exhibition.<\/p>\n<p><strong>Marta Mar\u00eda J\u00f3nsd\u00f3ttir (1974)<\/strong> graduated from the Icelandic College of Arts and Crafts in 1998 and completed her MFA degree from Goldsmiths College, London in 2000. In addition, she studied drawing\u00a0and animation at London Animation Studio, in Central Saint Martins College of Art and Design, completing a Postgraduate Diploma in Character Animation in 2004.<\/p>\n<p>In the exhibition\u00a0<em>The World Without Us\u00a0<\/em>Icelandic artists have been lead together that\u00a0address the universe in their works and shead light on specific parts of it, the far away or the upclose, micro or macro. This way the many dimensions of the universe are unrevieled where at the same time we look for continuity and wholeness.<\/p>\n<p>The artists that have work in the exhibition belong to different generations and their pieces are made in various mediums. In addition to <strong>Marta Mar\u00eda J\u00f3nsd\u00f3ttir (1974) <\/strong>the participating artists\u00a0are:\u00a0<strong>Bj\u00f6rg \u00deorsteinsd\u00f3ttir (1940), Brynhildur \u00deorgeirsd\u00f3ttir (1955), Finnur J\u00f3nsson (1892-1993), Ger\u00f0ur Helgad\u00f3ttir (1928-1975), Ragnar M\u00e1r Nikul\u00e1sson (1985), Steina Vasulka (1940) <\/strong>og<strong> Vilhj\u00e1lmur \u00deorberg Bergsson (1937).<\/strong><\/p>\n<p>The curators of the exhibition are <strong>A\u00f0alhei\u00f0ur Valgeirsd\u00f3ttir<\/strong> and <strong>Ald\u00eds Arnard\u00f3ttir<\/strong> but their exhibition-proposal was chosen when Hafnarborg called for proposals for the fall-exhibition for 2015.<\/p>\n","protected":false},"excerpt":{"rendered":"<p>Sunday, september 27th at 3 p.m. the artist Marta Mar\u00eda J\u00f3nsd\u00f3ttir will talk about her work in the exhibition The World Without Us. The exhibition is Hafnarborg&#8217;s fall-exhibition. Marta Mar\u00eda J\u00f3nsd\u00f3ttir (1974) graduated from the Icelandic College of Arts and Crafts in 1998 and completed her MFA degree from Goldsmiths College, London in 2000. In [&hellip;]<\/p>\n","protected":false},"author":5,"featured_media":2395,"menu_order":288,"template":"","format":"standard","class_list":["post-2469","event","type-event","status-publish","format-standard","has-post-thumbnail","hentry"],"acf":[],"_links":{"self":[{"href":"https:\/\/old.hafnarborg.is\/en\/wp-json\/wp\/v2\/event\/2469","targetHints":{"allow":["GET"]}}],"collection":[{"href":"https:\/\/old.hafnarborg.is\/en\/wp-json\/wp\/v2\/event"}],"about":[{"href":"https:\/\/old.hafnarborg.is\/en\/wp-json\/wp\/v2\/types\/event"}],"author":[{"embeddable":true,"href":"https:\/\/old.hafnarborg.is\/en\/wp-json\/wp\/v2\/users\/5"}],"version-history":[{"count":0,"href":"https:\/\/old.hafnarborg.is\/en\/wp-json\/wp\/v2\/event\/2469\/revisions"}],"wp:featuredmedia":[{"embeddable":true,"href":"https:\/\/old.hafnarborg.is\/en\/wp-json\/wp\/v2\/media\/2395"}],"wp:attachment":[{"href":"https:\/\/old.hafnarborg.is\/en\/wp-json\/wp\/v2\/media?parent=2469"}],"curies":[{"name":"wp","href":"https:\/\/api.w.org\/{rel}","templated":true}]}}

Artist talk &#8211; Marta María Jónsdóttir

<p><strong>Sunday, september 27th at 3 p.m.</strong> the artist <strong>Marta María Jónsdóttir</strong> will talk about her work in the exhibition The World Without Us. The exhibition is Hafnarborg&#8217;s fall-exhibition.</p>
<p><strong>Marta María Jónsdóttir (1974)</strong> graduated from the Icelandic College of Arts and Crafts in 1998 and completed her MFA degree from Goldsmiths College, London in 2000. In addition, she studied drawing and animation at London Animation Studio, in Central Saint Martins College of Art and Design, completing a Postgraduate Diploma in Character Animation in 2004.</p>
<p>In the exhibition <em>The World Without Us </em>Icelandic artists have been lead together that address the universe in their works and shead light on specific parts of it, the far away or the upclose, micro or macro. This way the many dimensions of the universe are unrevieled where at the same time we look for continuity and wholeness.</p>
<p>The artists that have work in the exhibition belong to different generations and their pieces are made in various mediums. In addition to <strong>Marta María Jónsdóttir (1974) </strong>the participating artists are: <strong>Björg Þorsteinsdóttir (1940), Brynhildur Þorgeirsdóttir (1955), Finnur Jónsson (1892-1993), Gerður Helgadóttir (1928-1975), Ragnar Már Nikulásson (1985), Steina Vasulka (1940) </strong>og<strong> Vilhjálmur Þorberg Bergsson (1937).</strong></p>
<p>The curators of the exhibition are <strong>Aðalheiður Valgeirsdóttir</strong> and <strong>Aldís Arnardóttir</strong> but their exhibition-proposal was chosen when Hafnarborg called for proposals for the fall-exhibition for 2015.</p>

<p>Sunday, september 27th at 3 p.m. the artist Marta María Jónsdóttir will talk about her work in the exhibition The World Without Us. The exhibition is Hafnarborg&#8217;s fall-exhibition. Marta María Jónsdóttir (1974) graduated from the Icelandic College of Arts and Crafts in 1998 and completed her MFA degree from Goldsmiths College, London in 2000. In [&hellip;]</p>
