{"id":2474,"date":"2015-08-11T10:34:43","date_gmt":"2015-08-11T10:34:43","guid":{"rendered":"http:\/\/hafnarborg.wpengine.com\/?post_type=event&#038;p=2474"},"modified":"2015-08-12T16:15:43","modified_gmt":"2015-08-12T16:15:43","slug":"artist-talk-ragnar-mar-nikulasson","status":"publish","type":"event","link":"https:\/\/old.hafnarborg.is\/en\/event\/artist-talk-ragnar-mar-nikulasson\/","title":{"rendered":"Artist talk &#8211; Ragnar M\u00e1r Nikul\u00e1sson"},"content":{"rendered":"<p><strong>Sunday, october 25th at 3 p.m.<\/strong> the artist <strong>Ragnar M\u00e1r Nikul\u00e1sson<\/strong> will discuss his work in the exhibition <em>The World Without Us<\/em> with museum guests. This is also the last day of the exhibition.<\/p>\n<p><strong>Ragnar M\u00e1r Nikul\u00e1sson (1985)<\/strong> holds a BA degree in Visual Communication (2010) and an MA degree in Fine Art (2014) from the Iceland Academy of the Arts.<\/p>\n<p>&nbsp;<\/p>\n<p>In the exhibition\u00a0<em>The World Without Us\u00a0<\/em>Icelandic artists have been lead together that\u00a0address the universe in their works and shead light on specific parts of it, the far away or the upclose, micro or macro. This way the many dimensions of the universe are unrevieled where at the same time we look for continuity and wholeness.<\/p>\n<p>The artists that have work in the exhibition belong to different generations and their pieces are made in various mediums. They are:\u00a0Bj\u00f6rg \u00deorsteinsd\u00f3ttir (1940), Brynhildur \u00deorgeirsd\u00f3ttir (1955), Finnur J\u00f3nsson (1892-1993), Ger\u00f0ur Helgad\u00f3ttir (1928-1975), Marta Mar\u00eda J\u00f3nsd\u00f3ttir (1974), Ragnar M\u00e1r Nikul\u00e1sson (1985), Steina Vasulka (1940) og Vilhj\u00e1lmur \u00deorberg Bergsson (1937).<\/p>\n<p>The curators of the exhibition are A\u00f0alhei\u00f0ur Valgeirsd\u00f3ttir and Ald\u00eds Arnard\u00f3ttir but their exhibition-proposal was chosen when Hafnarborg called for proposals for the fall-exhibition for 2015.<\/p>\n","protected":false},"excerpt":{"rendered":"<p>Sunday, october 25th at 3 p.m. the artist Ragnar M\u00e1r Nikul\u00e1sson will discuss his work in the exhibition The World Without Us with museum guests. This is also the last day of the exhibition. Ragnar M\u00e1r Nikul\u00e1sson (1985) holds a BA degree in Visual Communication (2010) and an MA degree in Fine Art (2014) from [&hellip;]<\/p>\n","protected":false},"author":5,"featured_media":2458,"menu_order":290,"template":"","format":"standard","class_list":["post-2474","event","type-event","status-publish","format-standard","has-post-thumbnail","hentry"],"acf":[],"_links":{"self":[{"href":"https:\/\/old.hafnarborg.is\/en\/wp-json\/wp\/v2\/event\/2474","targetHints":{"allow":["GET"]}}],"collection":[{"href":"https:\/\/old.hafnarborg.is\/en\/wp-json\/wp\/v2\/event"}],"about":[{"href":"https:\/\/old.hafnarborg.is\/en\/wp-json\/wp\/v2\/types\/event"}],"author":[{"embeddable":true,"href":"https:\/\/old.hafnarborg.is\/en\/wp-json\/wp\/v2\/users\/5"}],"version-history":[{"count":0,"href":"https:\/\/old.hafnarborg.is\/en\/wp-json\/wp\/v2\/event\/2474\/revisions"}],"wp:featuredmedia":[{"embeddable":true,"href":"https:\/\/old.hafnarborg.is\/en\/wp-json\/wp\/v2\/media\/2458"}],"wp:attachment":[{"href":"https:\/\/old.hafnarborg.is\/en\/wp-json\/wp\/v2\/media?parent=2474"}],"curies":[{"name":"wp","href":"https:\/\/api.w.org\/{rel}","templated":true}]}}

Artist talk &#8211; Ragnar Már Nikulásson

<p><strong>Sunday, october 25th at 3 p.m.</strong> the artist <strong>Ragnar Már Nikulásson</strong> will discuss his work in the exhibition <em>The World Without Us</em> with museum guests. This is also the last day of the exhibition.</p>
<p><strong>Ragnar Már Nikulásson (1985)</strong> holds a BA degree in Visual Communication (2010) and an MA degree in Fine Art (2014) from the Iceland Academy of the Arts.</p>
<p>&nbsp;</p>
<p>In the exhibition <em>The World Without Us </em>Icelandic artists have been lead together that address the universe in their works and shead light on specific parts of it, the far away or the upclose, micro or macro. This way the many dimensions of the universe are unrevieled where at the same time we look for continuity and wholeness.</p>
<p>The artists that have work in the exhibition belong to different generations and their pieces are made in various mediums. They are: Björg Þorsteinsdóttir (1940), Brynhildur Þorgeirsdóttir (1955), Finnur Jónsson (1892-1993), Gerður Helgadóttir (1928-1975), Marta María Jónsdóttir (1974), Ragnar Már Nikulásson (1985), Steina Vasulka (1940) og Vilhjálmur Þorberg Bergsson (1937).</p>
<p>The curators of the exhibition are Aðalheiður Valgeirsdóttir and Aldís Arnardóttir but their exhibition-proposal was chosen when Hafnarborg called for proposals for the fall-exhibition for 2015.</p>

<p>Sunday, october 25th at 3 p.m. the artist Ragnar Már Nikulásson will discuss his work in the exhibition The World Without Us with museum guests. This is also the last day of the exhibition. Ragnar Már Nikulásson (1985) holds a BA degree in Visual Communication (2010) and an MA degree in Fine Art (2014) from [&hellip;]</p>
