{"id":2797,"date":"2015-10-27T13:55:53","date_gmt":"2015-10-27T13:55:53","guid":{"rendered":"http:\/\/hafnarborg.wpengine.com\/?post_type=event&#038;p=2797"},"modified":"2015-11-02T11:44:25","modified_gmt":"2015-11-02T11:44:25","slug":"curators-talk","status":"publish","type":"event","link":"https:\/\/old.hafnarborg.is\/en\/event\/curators-talk\/","title":{"rendered":"Curator&#8217;s talk"},"content":{"rendered":"<p><strong>Sunday, November 29th at 3 p.m. \u00d3l\u00f6f K. Sigur\u00f0ard\u00f3ttir<\/strong>, curator and Hafnarborg&#8217;s former director will talk to gests about the exhibition, Conversing with Existence, now on display at the museum.<br \/>\nThe talk will be in Icelandic.<\/p>\n","protected":false},"excerpt":{"rendered":"<p>Sunday, November 29th at 3 p.m. \u00d3l\u00f6f K. Sigur\u00f0ard\u00f3ttir, curator and Hafnarborg&#8217;s former director will talk to gests about the exhibition, Conversing with Existence, now on display at the museum. The talk will be in Icelandic.<\/p>\n","protected":false},"author":5,"featured_media":2357,"menu_order":279,"template":"","format":"standard","class_list":["post-2797","event","type-event","status-publish","format-standard","has-post-thumbnail","hentry"],"acf":[],"_links":{"self":[{"href":"https:\/\/old.hafnarborg.is\/en\/wp-json\/wp\/v2\/event\/2797","targetHints":{"allow":["GET"]}}],"collection":[{"href":"https:\/\/old.hafnarborg.is\/en\/wp-json\/wp\/v2\/event"}],"about":[{"href":"https:\/\/old.hafnarborg.is\/en\/wp-json\/wp\/v2\/types\/event"}],"author":[{"embeddable":true,"href":"https:\/\/old.hafnarborg.is\/en\/wp-json\/wp\/v2\/users\/5"}],"version-history":[{"count":0,"href":"https:\/\/old.hafnarborg.is\/en\/wp-json\/wp\/v2\/event\/2797\/revisions"}],"wp:featuredmedia":[{"embeddable":true,"href":"https:\/\/old.hafnarborg.is\/en\/wp-json\/wp\/v2\/media\/2357"}],"wp:attachment":[{"href":"https:\/\/old.hafnarborg.is\/en\/wp-json\/wp\/v2\/media?parent=2797"}],"curies":[{"name":"wp","href":"https:\/\/api.w.org\/{rel}","templated":true}]}}

<p><strong>Sunday, November 29th at 3 p.m. Ólöf K. Sigurðardóttir</strong>, curator and Hafnarborg&#8217;s former director will talk to gests about the exhibition, Conversing with Existence, now on display at the museum.<br />
The talk will be in Icelandic.</p>

<p>Sunday, November 29th at 3 p.m. Ólöf K. Sigurðardóttir, curator and Hafnarborg&#8217;s former director will talk to gests about the exhibition, Conversing with Existence, now on display at the museum. The talk will be in Icelandic.</p>
