{"id":3582,"date":"2016-08-25T10:39:31","date_gmt":"2016-08-25T10:39:31","guid":{"rendered":"http:\/\/hafnarborg.wpengine.com\/?post_type=event&#038;p=3582"},"modified":"2018-06-29T14:49:53","modified_gmt":"2018-06-29T14:49:53","slug":"curators-talk-3","status":"publish","type":"event","link":"https:\/\/old.hafnarborg.is\/en\/event\/curators-talk-3\/","title":{"rendered":"Curator&#8217;s Talk"},"content":{"rendered":"<p><strong>Saturday August\u00a027th at 2 p.m.<\/strong>\u00a0curators Hildur Stein\u00fe\u00f3rsd\u00f3ttir and\u00a0R\u00fana Thors will discuss the recently opened fall exhibition <em><strong>Experiment &#8211; Clay and more<\/strong><\/em>.<\/p>\n<p>Hildur, an architect, and R\u00fana, a product designer work together as the design duo TOS but their exhibition proposal was selected last fall when the museum called for exhibition proposals for the 2016 fall exhibition.<\/p>\n<p><strong><em>Experiment \u2013 Clay and more<\/em><\/strong> is a conversation between visual culture and clay, in which clay enjoys many different expressions with references to traditions of industry, the arts, applied arts and design. The participants come from various fields within the visual arts and the medium of clay is the common thread through their works. Some of the works in the exhibition are complete &#8211; others demonstrate methodical experimentation or working aproaches.<\/p>\n<p>The exhibitors are: Ald\u00eds B\u00e1ra Einarsd\u00f3ttir, Anna Hallin, Bjarnhei\u00f0ur J\u00f3hannsd\u00f3ttir, Brynjar Sigur\u00f0arson, B\u00fai Bjarmar A\u00f0alsteinsson, Erna El\u00ednbj\u00f6rg Sk\u00falad\u00f3ttir, Hanna D\u00eds Whitehead, Hildigunnur Birgisd\u00f3ttir, Daniel Durnin, Gar\u00f0ar Eyj\u00f3lfsson, Gunnhildur Helgad\u00f3ttir, Olga Bergmann, P\u00e1ll Einarsson, Ragnhei\u00f0ur Ingunn \u00c1g\u00fastsd\u00f3ttir, Sigga Heimis, Sigr\u00fan J\u00f3na nor\u00f0dahl, Sigur\u00f0ur Gu\u00f0mundsson, Sigur\u00f0ur Hauksson, Sigurl\u00edna Margr\u00e9t Osuala, Theod\u00f3ra Alfre\u00f0sd\u00f3ttir og Veronika Sedlmair.<\/p>\n","protected":false},"excerpt":{"rendered":"<p>Saturday August\u00a027th at 2 p.m.\u00a0curators Hildur Stein\u00fe\u00f3rsd\u00f3ttir and\u00a0R\u00fana Thors will discuss the recently opened fall exhibition Experiment &#8211; Clay and more. Hildur, an architect, and R\u00fana, a product designer work together as the design duo TOS but their exhibition proposal was selected last fall when the museum called for exhibition proposals for the 2016 fall [&hellip;]<\/p>\n","protected":false},"author":5,"featured_media":3580,"menu_order":270,"template":"","format":"standard","class_list":["post-3582","event","type-event","status-publish","format-standard","has-post-thumbnail","hentry"],"acf":[],"_links":{"self":[{"href":"https:\/\/old.hafnarborg.is\/en\/wp-json\/wp\/v2\/event\/3582","targetHints":{"allow":["GET"]}}],"collection":[{"href":"https:\/\/old.hafnarborg.is\/en\/wp-json\/wp\/v2\/event"}],"about":[{"href":"https:\/\/old.hafnarborg.is\/en\/wp-json\/wp\/v2\/types\/event"}],"author":[{"embeddable":true,"href":"https:\/\/old.hafnarborg.is\/en\/wp-json\/wp\/v2\/users\/5"}],"version-history":[{"count":0,"href":"https:\/\/old.hafnarborg.is\/en\/wp-json\/wp\/v2\/event\/3582\/revisions"}],"wp:featuredmedia":[{"embeddable":true,"href":"https:\/\/old.hafnarborg.is\/en\/wp-json\/wp\/v2\/media\/3580"}],"wp:attachment":[{"href":"https:\/\/old.hafnarborg.is\/en\/wp-json\/wp\/v2\/media?parent=3582"}],"curies":[{"name":"wp","href":"https:\/\/api.w.org\/{rel}","templated":true}]}}

<p><strong>Saturday August 27th at 2 p.m.</strong> curators Hildur Steinþórsdóttir and Rúna Thors will discuss the recently opened fall exhibition <em><strong>Experiment &#8211; Clay and more</strong></em>.</p>
<p>Hildur, an architect, and Rúna, a product designer work together as the design duo TOS but their exhibition proposal was selected last fall when the museum called for exhibition proposals for the 2016 fall exhibition.</p>
<p><strong><em>Experiment – Clay and more</em></strong> is a conversation between visual culture and clay, in which clay enjoys many different expressions with references to traditions of industry, the arts, applied arts and design. The participants come from various fields within the visual arts and the medium of clay is the common thread through their works. Some of the works in the exhibition are complete &#8211; others demonstrate methodical experimentation or working aproaches.</p>
<p>The exhibitors are: Aldís Bára Einarsdóttir, Anna Hallin, Bjarnheiður Jóhannsdóttir, Brynjar Sigurðarson, Búi Bjarmar Aðalsteinsson, Erna Elínbjörg Skúladóttir, Hanna Dís Whitehead, Hildigunnur Birgisdóttir, Daniel Durnin, Garðar Eyjólfsson, Gunnhildur Helgadóttir, Olga Bergmann, Páll Einarsson, Ragnheiður Ingunn Ágústsdóttir, Sigga Heimis, Sigrún Jóna norðdahl, Sigurður Guðmundsson, Sigurður Hauksson, Sigurlína Margrét Osuala, Theodóra Alfreðsdóttir og Veronika Sedlmair.</p>

<p>Saturday August 27th at 2 p.m. curators Hildur Steinþórsdóttir and Rúna Thors will discuss the recently opened fall exhibition Experiment &#8211; Clay and more. Hildur, an architect, and Rúna, a product designer work together as the design duo TOS but their exhibition proposal was selected last fall when the museum called for exhibition proposals for the 2016 fall [&hellip;]</p>
