{"id":5033,"date":"2018-06-29T15:49:06","date_gmt":"2018-06-29T15:49:06","guid":{"rendered":"http:\/\/hafnarborg.wpengine.com\/?post_type=event&#038;p=5033"},"modified":"2018-06-29T15:50:02","modified_gmt":"2018-06-29T15:50:02","slug":"in-search-of-artwork","status":"publish","type":"event","link":"https:\/\/old.hafnarborg.is\/en\/event\/in-search-of-artwork\/","title":{"rendered":"In Search of Artwork"},"content":{"rendered":"<p>This summer, the town of Hafnarfj\u00f6r\u00f0ur announces guided evening walks, focusing on culture and wellness, which will take place on Thursdays at 8 p.m. Participation is free of charge and everyone is welcome. The tours are in Icelandic.<\/p>\n<p><strong>Thursday July 12th at 8 p.m.<\/strong>, J\u00f3natan Gar\u00f0arsson will lead a tour from Ger\u00f0i\u00f0, east of Rio Tinto\u2019s smelter in Straumsv\u00edk (see map below), in search of Hreinn Fri\u00f0finnsson\u2018s First and Third House. The walk will last for almost two hours.<\/p>\n<p>\u201cIn the late summer of 2011, the faint outlines of a house could be glimpsed as it roamed over the lava fields south of Hafnarfj\u00f6r\u00f0ur. The house, reminiscent of a ghost or a shadow in the landscape, travelled at a slow pace. A mound of pumice had recently been cleared of timber remnants and other debris and upon that mound, the house was placed. There it stood, and to the spectator, it might have been a dream, a recurring memory of something that used to be or a notion of something yet to come.\u201d<\/p>\n<p>Excerpt from \u00d3l\u00f6f K. Sigur\u00f0ard\u00f3ttir\u2019s preface to the book First House \/ Second House \/ Third House, published by Hafnarborg in 2012.<\/p>\n<figure><img decoding=\"async\" class=\"alignnone\" src=\"https:\/\/old.hafnarborg.is\/wp-content\/uploads\/2018\/06\/kort-480x384.jpg\" alt=\"kort\" \/><\/figure>\n<p>To see a list of this summer&#8217;s guided evening walks, please visit\u00a0<a href=\"http:\/\/www.hafnarfjordur.is\/stjornsysla\/frettir\/menningar-og-heilsugongur\" target=\"_blank\">Hafnarfj\u00f6r\u00f0ur&#8217;s website<\/a>.<\/p>\n","protected":false},"excerpt":{"rendered":"<p>This summer, the town of Hafnarfj\u00f6r\u00f0ur announces guided evening walks, focusing on culture and wellness, which will take place on Thursdays at 8 p.m. Participation is free of charge and everyone is welcome. The tours are in Icelandic. Thursday July 12th at 8 p.m., J\u00f3natan Gar\u00f0arsson will lead a tour from Ger\u00f0i\u00f0, east of Rio [&hellip;]<\/p>\n","protected":false},"author":6,"featured_media":6724,"menu_order":288,"template":"","format":"standard","class_list":["post-5033","event","type-event","status-publish","format-standard","has-post-thumbnail","hentry"],"acf":[],"_links":{"self":[{"href":"https:\/\/old.hafnarborg.is\/en\/wp-json\/wp\/v2\/event\/5033","targetHints":{"allow":["GET"]}}],"collection":[{"href":"https:\/\/old.hafnarborg.is\/en\/wp-json\/wp\/v2\/event"}],"about":[{"href":"https:\/\/old.hafnarborg.is\/en\/wp-json\/wp\/v2\/types\/event"}],"author":[{"embeddable":true,"href":"https:\/\/old.hafnarborg.is\/en\/wp-json\/wp\/v2\/users\/6"}],"version-history":[{"count":0,"href":"https:\/\/old.hafnarborg.is\/en\/wp-json\/wp\/v2\/event\/5033\/revisions"}],"wp:featuredmedia":[{"embeddable":true,"href":"https:\/\/old.hafnarborg.is\/en\/wp-json\/wp\/v2\/media\/6724"}],"wp:attachment":[{"href":"https:\/\/old.hafnarborg.is\/en\/wp-json\/wp\/v2\/media?parent=5033"}],"curies":[{"name":"wp","href":"https:\/\/api.w.org\/{rel}","templated":true}]}}

<p>This summer, the town of Hafnarfjörður announces guided evening walks, focusing on culture and wellness, which will take place on Thursdays at 8 p.m. Participation is free of charge and everyone is welcome. The tours are in Icelandic.</p>
<p><strong>Thursday July 12th at 8 p.m.</strong>, Jónatan Garðarsson will lead a tour from Gerðið, east of Rio Tinto’s smelter in Straumsvík (see map below), in search of Hreinn Friðfinnsson‘s First and Third House. The walk will last for almost two hours.</p>
<p>“In the late summer of 2011, the faint outlines of a house could be glimpsed as it roamed over the lava fields south of Hafnarfjörður. The house, reminiscent of a ghost or a shadow in the landscape, travelled at a slow pace. A mound of pumice had recently been cleared of timber remnants and other debris and upon that mound, the house was placed. There it stood, and to the spectator, it might have been a dream, a recurring memory of something that used to be or a notion of something yet to come.”</p>
<p>Excerpt from Ólöf K. Sigurðardóttir’s preface to the book First House / Second House / Third House, published by Hafnarborg in 2012.</p>
<figure><img decoding="async" class="alignnone" src="https://old.hafnarborg.is/wp-content/uploads/2018/06/kort-480x384.jpg" alt="kort" /></figure>
<p>To see a list of this summer&#8217;s guided evening walks, please visit <a href="http://www.hafnarfjordur.is/stjornsysla/frettir/menningar-og-heilsugongur" target="_blank">Hafnarfjörður&#8217;s website</a>.</p>

<p>This summer, the town of Hafnarfjörður announces guided evening walks, focusing on culture and wellness, which will take place on Thursdays at 8 p.m. Participation is free of charge and everyone is welcome. The tours are in Icelandic. Thursday July 12th at 8 p.m., Jónatan Garðarsson will lead a tour from Gerðið, east of Rio [&hellip;]</p>
