{"id":7472,"date":"2020-01-22T15:18:39","date_gmt":"2020-01-22T15:18:39","guid":{"rendered":"http:\/\/hafnarborg.avistaserver.com\/?post_type=event&#038;p=7472"},"modified":"2020-01-22T15:19:35","modified_gmt":"2020-01-22T15:19:35","slug":"midday-concert-herdis-anna-jonasdottir","status":"publish","type":"event","link":"https:\/\/old.hafnarborg.is\/en\/event\/midday-concert-herdis-anna-jonasdottir\/","title":{"rendered":"Midday Concert \u2013 Herd\u00eds Anna J\u00f3nasd\u00f3ttir"},"content":{"rendered":"<p><strong>Tuesday February 4th at 12 p.m.<\/strong>,\u00a0<strong>Herd\u00eds Anna J\u00f3nasd\u00f3ttir<\/strong>, soprano, will perform at the first Midday Concert of the year at Hafnarborg, alongside <strong>Anton\u00eda Hevesi<\/strong>, pianist and artistic director of the concert series. At the concert, Herd\u00eds will sing arias by Verdi, Bellini and Donizetti.<\/p>\n<p><strong>The concert starts promptly at 12 p.m., lasting for approximately half an hour. The doors open at 11:30 a.m. and the concert is open to all, as long as seating is available. Free entry.<\/strong><\/p>\n","protected":false},"excerpt":{"rendered":"<p>Tuesday February 4th at 12 p.m.,\u00a0Herd\u00eds Anna J\u00f3nasd\u00f3ttir, soprano, will perform at the first Midday Concert of the year at Hafnarborg, alongside Anton\u00eda Hevesi, pianist and artistic director of the concert series. At the concert, Herd\u00eds will sing arias by Verdi, Bellini and Donizetti. The concert starts promptly at 12 p.m., lasting for approximately half [&hellip;]<\/p>\n","protected":false},"author":6,"featured_media":7474,"menu_order":234,"template":"","format":"standard","class_list":["post-7472","event","type-event","status-publish","format-standard","has-post-thumbnail","hentry"],"acf":[],"_links":{"self":[{"href":"https:\/\/old.hafnarborg.is\/en\/wp-json\/wp\/v2\/event\/7472","targetHints":{"allow":["GET"]}}],"collection":[{"href":"https:\/\/old.hafnarborg.is\/en\/wp-json\/wp\/v2\/event"}],"about":[{"href":"https:\/\/old.hafnarborg.is\/en\/wp-json\/wp\/v2\/types\/event"}],"author":[{"embeddable":true,"href":"https:\/\/old.hafnarborg.is\/en\/wp-json\/wp\/v2\/users\/6"}],"version-history":[{"count":0,"href":"https:\/\/old.hafnarborg.is\/en\/wp-json\/wp\/v2\/event\/7472\/revisions"}],"wp:featuredmedia":[{"embeddable":true,"href":"https:\/\/old.hafnarborg.is\/en\/wp-json\/wp\/v2\/media\/7474"}],"wp:attachment":[{"href":"https:\/\/old.hafnarborg.is\/en\/wp-json\/wp\/v2\/media?parent=7472"}],"curies":[{"name":"wp","href":"https:\/\/api.w.org\/{rel}","templated":true}]}}

Midday Concert – Herdís Anna Jónasdóttir

<p><strong>Tuesday February 4th at 12 p.m.</strong>, <strong>Herdís Anna Jónasdóttir</strong>, soprano, will perform at the first Midday Concert of the year at Hafnarborg, alongside <strong>Antonía Hevesi</strong>, pianist and artistic director of the concert series. At the concert, Herdís will sing arias by Verdi, Bellini and Donizetti.</p>
<p><strong>The concert starts promptly at 12 p.m., lasting for approximately half an hour. The doors open at 11:30 a.m. and the concert is open to all, as long as seating is available. Free entry.</strong></p>

<p>Tuesday February 4th at 12 p.m., Herdís Anna Jónasdóttir, soprano, will perform at the first Midday Concert of the year at Hafnarborg, alongside Antonía Hevesi, pianist and artistic director of the concert series. At the concert, Herdís will sing arias by Verdi, Bellini and Donizetti. The concert starts promptly at 12 p.m., lasting for approximately half [&hellip;]</p>
