{"id":771,"date":"2014-11-07T13:28:31","date_gmt":"2014-11-07T13:28:31","guid":{"rendered":"http:\/\/hafnarborg.wpengine.com\/?post_type=event&#038;p=771"},"modified":"2014-12-13T16:02:21","modified_gmt":"2014-12-13T16:02:21","slug":"english-ras-samtal-um-fegurd","status":"publish","type":"event","link":"https:\/\/old.hafnarborg.is\/en\/event\/english-ras-samtal-um-fegurd\/","title":{"rendered":"Tracks &#8211; Conversation on beauty"},"content":{"rendered":"<p>In the connection with the exhibition <em>Tracks<\/em>, a seminar conversation on beauty will be held in Hafnarborg Saturday October 4th at 2pm. <span id=\"result_box\" class=\"\" lang=\"en\"><span class=\"hps\">The various<\/span> <span class=\"hps\">surfaces<\/span> <span class=\"hps\">and<\/span> <span class=\"hps\">forms<\/span> <span class=\"hps\">of beauty<\/span> <span class=\"hps\">are examined<\/span> <span class=\"hps\">from<\/span> <span class=\"hps\">ideas<\/span> <span class=\"hps\">that appear<\/span> <span class=\"hps\">in the exhibition <\/span><span class=\"hps\">and<\/span> <span class=\"hps\">out<\/span> <span class=\"hps\">of<\/span> <span class=\"hps\">art<\/span> <span class=\"hps\">philosophy<\/span>, <span class=\"hps\">aesthetic<\/span> <span class=\"hps\">and<\/span> <span class=\"hps\">theological<\/span> <span class=\"hps\">perspectives.<\/span> <span class=\"hps\">Participants<\/span> of the seminar are <\/span>A\u00f0alhei\u00f0ur L Gu\u00f0mundsd\u00f3ttir adjunct and manager of the Department of Fine Art in the Iceland Academy of Arts, Dr. Gunnar \u00c1. Har\u00f0arson Professor of the Philosophy Department of the University of Iceland, Dr. Theol. Gunnar Kristj\u00e1nsson who is a priest in Reynivellir diocese and dean of Kjalarnesspr\u00f3fastd\u00e6mi and last but not least Helga \u00de\u00f3rsd\u00f3ttir the curator of<em> Tracks, <\/em>who is also a cultural theorist as well as an professional artist and interior architect. The participants will each shortly discuss beauty from different points of view and the curator Helga \u00de\u00f3rsd\u00f3ttir will then oversee panel to discuss the value and position of beauty in contemporary society.<\/p>\n<p>The seminar will be held in icelandic.<\/p>\n","protected":false},"excerpt":{"rendered":"<p>In the connection with the exhibition Tracks, a seminar conversation on beauty will be held in Hafnarborg Saturday October 4th at 2pm. The various surfaces and forms of beauty are examined from ideas that appear in the exhibition and out of art philosophy, aesthetic and theological perspectives. Participants of the seminar are A\u00f0alhei\u00f0ur L Gu\u00f0mundsd\u00f3ttir [&hellip;]<\/p>\n","protected":false},"author":1,"featured_media":350,"menu_order":318,"template":"","format":"standard","class_list":["post-771","event","type-event","status-publish","format-standard","has-post-thumbnail","hentry"],"acf":[],"_links":{"self":[{"href":"https:\/\/old.hafnarborg.is\/en\/wp-json\/wp\/v2\/event\/771","targetHints":{"allow":["GET"]}}],"collection":[{"href":"https:\/\/old.hafnarborg.is\/en\/wp-json\/wp\/v2\/event"}],"about":[{"href":"https:\/\/old.hafnarborg.is\/en\/wp-json\/wp\/v2\/types\/event"}],"author":[{"embeddable":true,"href":"https:\/\/old.hafnarborg.is\/en\/wp-json\/wp\/v2\/users\/1"}],"version-history":[{"count":0,"href":"https:\/\/old.hafnarborg.is\/en\/wp-json\/wp\/v2\/event\/771\/revisions"}],"wp:featuredmedia":[{"embeddable":true,"href":"https:\/\/old.hafnarborg.is\/en\/wp-json\/wp\/v2\/media\/350"}],"wp:attachment":[{"href":"https:\/\/old.hafnarborg.is\/en\/wp-json\/wp\/v2\/media?parent=771"}],"curies":[{"name":"wp","href":"https:\/\/api.w.org\/{rel}","templated":true}]}}

<p>In the connection with the exhibition <em>Tracks</em>, a seminar conversation on beauty will be held in Hafnarborg Saturday October 4th at 2pm. <span id="result_box" class="" lang="en"><span class="hps">The various</span> <span class="hps">surfaces</span> <span class="hps">and</span> <span class="hps">forms</span> <span class="hps">of beauty</span> <span class="hps">are examined</span> <span class="hps">from</span> <span class="hps">ideas</span> <span class="hps">that appear</span> <span class="hps">in the exhibition </span><span class="hps">and</span> <span class="hps">out</span> <span class="hps">of</span> <span class="hps">art</span> <span class="hps">philosophy</span>, <span class="hps">aesthetic</span> <span class="hps">and</span> <span class="hps">theological</span> <span class="hps">perspectives.</span> <span class="hps">Participants</span> of the seminar are </span>Aðalheiður L Guðmundsdóttir adjunct and manager of the Department of Fine Art in the Iceland Academy of Arts, Dr. Gunnar Á. Harðarson Professor of the Philosophy Department of the University of Iceland, Dr. Theol. Gunnar Kristjánsson who is a priest in Reynivellir diocese and dean of Kjalarnessprófastdæmi and last but not least Helga Þórsdóttir the curator of<em> Tracks, </em>who is also a cultural theorist as well as an professional artist and interior architect. The participants will each shortly discuss beauty from different points of view and the curator Helga Þórsdóttir will then oversee panel to discuss the value and position of beauty in contemporary society.</p>
<p>The seminar will be held in icelandic.</p>

<p>In the connection with the exhibition Tracks, a seminar conversation on beauty will be held in Hafnarborg Saturday October 4th at 2pm. The various surfaces and forms of beauty are examined from ideas that appear in the exhibition and out of art philosophy, aesthetic and theological perspectives. Participants of the seminar are Aðalheiður L Guðmundsdóttir [&hellip;]</p>
