{"id":7963,"date":"2020-06-23T15:21:02","date_gmt":"2020-06-23T15:21:02","guid":{"rendered":"http:\/\/hafnarborg.avistaserver.com\/?post_type=event&#038;p=7963"},"modified":"2020-06-25T14:03:29","modified_gmt":"2020-06-25T14:03:29","slug":"designmarch-at-hafnarborg-materialwood","status":"publish","type":"event","link":"https:\/\/old.hafnarborg.is\/en\/event\/designmarch-at-hafnarborg-materialwood\/","title":{"rendered":"DesignMarch at Hafnarborg \u2013 material:wood"},"content":{"rendered":"<p>For <strong>DesignMarch<\/strong>, which takes place from June 24th\u201328th at this time, a special programme will be presented at Hafnarborg, in connection with the exhibition <em>material:wood<\/em>, which opened at the museum earlier this summer. At Hafnarborg\u2018s exhibition this year, the focus is specifically on wood as a material. The idea behind the exhibition was to bring together designers and artists of different backgrounds and varied perspectives, all of whom still work or wrestle with this magnificent material, in one form or another, as they seek to realize their ideas. In addition, there is an examination of the divide between different art forms that has become increasingly obscure in recent years, perhaps even becoming obsolete.<\/p>\n<hr \/>\n<h4>Dagskr\u00e1<\/h4>\n<p><strong>Midday Tour with the Curator<br \/>\nJune 24th\u201328th at 12 p.m.<\/strong><br \/>\nOn weekdays, there will be a short guided tour of the exhibition <em>material:wood<\/em> at midday, during the course of DesignMarch. Unnur Mj\u00f6ll S. Leifsd\u00f3ttir, curator, will welcome guests and tell them about the exhibition, select works and more. The tour will begin promptly at 12 p.m. and last for approximately half an hour.<\/p>\n<p><strong>Evening Opening<br \/>\nJune 25th from 5\u20139 p.m.<\/strong><br \/>\nThe museum will be open in the evening on Thursday June 25th, from 5\u20139 p.m., giving guests the opportunity to see the exhibition outside regular opening hours. There will also be a special price on select light-coloured drinks for guests of the museum at the bar of Krydd Restaurant, on the ground floor of Hafnarborg.<\/p>\n<p><strong>Exhibition Talk<br \/>\nJune 27th at 2 p.m.<\/strong><br \/>\nDuring the weekend, we will host a couple of talks between participants in the exhibition, where guests can gain insight into the process of design and creation. At the first talk, on Saturday June 27th, product designer Bj\u00f6rn Steinar Blumenstein will meet artist Unnd\u00f3r Egill J\u00f3nsson. The similarities or dissimilarities in the approach of designers and artists, when dealing with this <em>material:wood<\/em>, will be among topics for discussion.<\/p>\n<p><strong>Exhibition Talk<br \/>\nJune 28th at 2 p.m.<br \/>\n<\/strong>At the weekend\u2019s second exhibition talk, on Sunday June 28th, the design team Agustav, a collaboration between \u00c1g\u00fasta Magn\u00fasd\u00f3ttir and Gustav J\u00f3hannsson, will meet artist Sindri Leifsson. The discussion will be on the various perspectives and similar challenges facing those who work with this <em>material:wood<\/em>.<\/p>\n<hr \/>\n<p><strong>Entry to all events is free of charge, as is entry to the museum itself.<\/strong><\/p>\n<p style=\"padding-left: 240px;\"><a href=\"https:\/\/honnunarmars.is\/\" target=\"_blank\" rel=\"noopener noreferrer\"><img loading=\"lazy\" decoding=\"async\" class=\"alignnone\" src=\"https:\/\/old.hafnarborg.is\/wp-content\/uploads\/2020\/02\/HonnunarMarsISL4.png\" width=\"117\" height=\"60\" \/><\/a><\/p>\n","protected":false},"excerpt":{"rendered":"<p>For DesignMarch, which takes place from June 24th\u201328th at this time, a special programme will be presented at Hafnarborg, in connection with the exhibition material:wood, which opened at the museum earlier this summer. At Hafnarborg\u2018s exhibition this year, the focus is specifically on wood as a material. The idea behind the exhibition was to bring [&hellip;]<\/p>\n","protected":false},"author":6,"featured_media":7948,"menu_order":225,"template":"","format":"standard","class_list":["post-7963","event","type-event","status-publish","format-standard","has-post-thumbnail","hentry"],"acf":[],"_links":{"self":[{"href":"https:\/\/old.hafnarborg.is\/en\/wp-json\/wp\/v2\/event\/7963","targetHints":{"allow":["GET"]}}],"collection":[{"href":"https:\/\/old.hafnarborg.is\/en\/wp-json\/wp\/v2\/event"}],"about":[{"href":"https:\/\/old.hafnarborg.is\/en\/wp-json\/wp\/v2\/types\/event"}],"author":[{"embeddable":true,"href":"https:\/\/old.hafnarborg.is\/en\/wp-json\/wp\/v2\/users\/6"}],"version-history":[{"count":0,"href":"https:\/\/old.hafnarborg.is\/en\/wp-json\/wp\/v2\/event\/7963\/revisions"}],"wp:featuredmedia":[{"embeddable":true,"href":"https:\/\/old.hafnarborg.is\/en\/wp-json\/wp\/v2\/media\/7948"}],"wp:attachment":[{"href":"https:\/\/old.hafnarborg.is\/en\/wp-json\/wp\/v2\/media?parent=7963"}],"curies":[{"name":"wp","href":"https:\/\/api.w.org\/{rel}","templated":true}]}}

<p>For <strong>DesignMarch</strong>, which takes place from June 24th–28th at this time, a special programme will be presented at Hafnarborg, in connection with the exhibition <em>material:wood</em>, which opened at the museum earlier this summer. At Hafnarborg‘s exhibition this year, the focus is specifically on wood as a material. The idea behind the exhibition was to bring together designers and artists of different backgrounds and varied perspectives, all of whom still work or wrestle with this magnificent material, in one form or another, as they seek to realize their ideas. In addition, there is an examination of the divide between different art forms that has become increasingly obscure in recent years, perhaps even becoming obsolete.</p>
<hr />
<h4>Dagskrá</h4>
<p><strong>Midday Tour with the Curator<br />
June 24th–28th at 12 p.m.</strong><br />
On weekdays, there will be a short guided tour of the exhibition <em>material:wood</em> at midday, during the course of DesignMarch. Unnur Mjöll S. Leifsdóttir, curator, will welcome guests and tell them about the exhibition, select works and more. The tour will begin promptly at 12 p.m. and last for approximately half an hour.</p>
<p><strong>Evening Opening<br />
June 25th from 5–9 p.m.</strong><br />
The museum will be open in the evening on Thursday June 25th, from 5–9 p.m., giving guests the opportunity to see the exhibition outside regular opening hours. There will also be a special price on select light-coloured drinks for guests of the museum at the bar of Krydd Restaurant, on the ground floor of Hafnarborg.</p>
<p><strong>Exhibition Talk<br />
June 27th at 2 p.m.</strong><br />
During the weekend, we will host a couple of talks between participants in the exhibition, where guests can gain insight into the process of design and creation. At the first talk, on Saturday June 27th, product designer Björn Steinar Blumenstein will meet artist Unndór Egill Jónsson. The similarities or dissimilarities in the approach of designers and artists, when dealing with this <em>material:wood</em>, will be among topics for discussion.</p>
<p><strong>Exhibition Talk<br />
June 28th at 2 p.m.<br />
</strong>At the weekend’s second exhibition talk, on Sunday June 28th, the design team Agustav, a collaboration between Ágústa Magnúsdóttir and Gustav Jóhannsson, will meet artist Sindri Leifsson. The discussion will be on the various perspectives and similar challenges facing those who work with this <em>material:wood</em>.</p>
<hr />
<p><strong>Entry to all events is free of charge, as is entry to the museum itself.</strong></p>
<p style="padding-left: 240px;"><a href="https://honnunarmars.is/" target="_blank" rel="noopener noreferrer"><img loading="lazy" decoding="async" class="alignnone" src="https://old.hafnarborg.is/wp-content/uploads/2020/02/HonnunarMarsISL4.png" width="117" height="60" /></a></p>
