{"id":8129,"date":"2020-10-22T14:17:51","date_gmt":"2020-10-22T14:17:51","guid":{"rendered":"http:\/\/hafnarborg.avistaserver.com\/?post_type=event&#038;p=8129"},"modified":"2020-10-24T15:25:44","modified_gmt":"2020-10-24T15:25:44","slug":"an-urban-archive-as-an-english-garden-julia-mogensen","status":"publish","type":"event","link":"https:\/\/old.hafnarborg.is\/en\/event\/an-urban-archive-as-an-english-garden-julia-mogensen\/","title":{"rendered":"An Urban Archive as an English Garden \u2013 J\u00fal\u00eda Mogensen"},"content":{"rendered":"<p><strong>Saturday October 24th at 2:30 p.m.<\/strong>,\u00a0<strong>J\u00fal\u00eda Mogensen<\/strong>, cellist, will bring the live event programme of Dav\u00ed\u00f0 Brynjar Franzson&#8217;s exhibition <em>An Urban Archive as an English Garden\u00a0<\/em>to a close, but the exhibition has been on view at Hafnarborg since the beginning of autumn and is set to end this weekend. There, J\u00fal\u00eda will perform the part of the exhibition that was composed specifically for its production in Hafnarborg and includes field recordings from J\u00fal\u00eda&#8217;s immediate surroundings in the West Side of Reykjav\u00edk.<\/p>\n<p><strong>The event will be streamed live on Hafnarborg\u2019s Facebook page (see the player here below), due to the temporary closing of the museum for public health reasons.<\/strong><\/p>\n<p>J\u00fal\u00eda Mogensen is a classically trained cellist and a regular performer of new music, as well as being an MA student of fine art at the Iceland University of the Arts. For over fifteen years, she has played and collaborated with various artists both in Iceland and abroad. J\u00fal\u00eda studied at the Iceland University of the Arts and the Guildhall School of Music and Drama, for her postgraduate studies, with the addition of a two-year study programme in Berlin. She also played with the Icelandic Symphony Orchestra and The Icelandic Opera from 2013 to 2019.<\/p>\n<p>The exhibition is a continuation of Hafnarborg\u2019s concert series\u00a0<strong>Phonemes<\/strong>, which is dedicated to contemporary music, having pushed the boundaries of the series\u2019 setting \u2013 and music \u2013 to its limits, in recent years.<\/p>\n<p><em>The exhibition is supported by The Iceland Visual Arts Fund, the Music Fund and the R\u00daV and STEF Composers Fund.<br \/>\nThe work was developed in part at IRCAM and ZKM.<\/em><\/p>\n<p><iframe loading=\"lazy\" style=\"border: none; overflow: hidden;\" src=\"https:\/\/www.facebook.com\/plugins\/video.php?height=314&amp;href=https%3A%2F%2Fwww.facebook.com%2Fhafnarborg%2Fvideos%2F3596412800397001%2F&amp;show_text=false&amp;width=560\" width=\"560\" height=\"314\" frameborder=\"0\" scrolling=\"no\" allowfullscreen=\"allowfullscreen\"><\/iframe><\/p>\n","protected":false},"excerpt":{"rendered":"<p>Saturday October 24th at 2:30 p.m.,\u00a0J\u00fal\u00eda Mogensen, cellist, will bring the live event programme of Dav\u00ed\u00f0 Brynjar Franzson&#8217;s exhibition An Urban Archive as an English Garden\u00a0to a close, but the exhibition has been on view at Hafnarborg since the beginning of autumn and is set to end this weekend. There, J\u00fal\u00eda will perform the part [&hellip;]<\/p>\n","protected":false},"author":6,"featured_media":7931,"menu_order":216,"template":"","format":"standard","class_list":["post-8129","event","type-event","status-publish","format-standard","has-post-thumbnail","hentry"],"acf":[],"_links":{"self":[{"href":"https:\/\/old.hafnarborg.is\/en\/wp-json\/wp\/v2\/event\/8129","targetHints":{"allow":["GET"]}}],"collection":[{"href":"https:\/\/old.hafnarborg.is\/en\/wp-json\/wp\/v2\/event"}],"about":[{"href":"https:\/\/old.hafnarborg.is\/en\/wp-json\/wp\/v2\/types\/event"}],"author":[{"embeddable":true,"href":"https:\/\/old.hafnarborg.is\/en\/wp-json\/wp\/v2\/users\/6"}],"version-history":[{"count":0,"href":"https:\/\/old.hafnarborg.is\/en\/wp-json\/wp\/v2\/event\/8129\/revisions"}],"wp:featuredmedia":[{"embeddable":true,"href":"https:\/\/old.hafnarborg.is\/en\/wp-json\/wp\/v2\/media\/7931"}],"wp:attachment":[{"href":"https:\/\/old.hafnarborg.is\/en\/wp-json\/wp\/v2\/media?parent=8129"}],"curies":[{"name":"wp","href":"https:\/\/api.w.org\/{rel}","templated":true}]}}

An Urban Archive as an English Garden – Júlía Mogensen

<p><strong>Saturday October 24th at 2:30 p.m.</strong>, <strong>Júlía Mogensen</strong>, cellist, will bring the live event programme of Davíð Brynjar Franzson&#8217;s exhibition <em>An Urban Archive as an English Garden </em>to a close, but the exhibition has been on view at Hafnarborg since the beginning of autumn and is set to end this weekend. There, Júlía will perform the part of the exhibition that was composed specifically for its production in Hafnarborg and includes field recordings from Júlía&#8217;s immediate surroundings in the West Side of Reykjavík.</p>
<p><strong>The event will be streamed live on Hafnarborg’s Facebook page (see the player here below), due to the temporary closing of the museum for public health reasons.</strong></p>
<p>Júlía Mogensen is a classically trained cellist and a regular performer of new music, as well as being an MA student of fine art at the Iceland University of the Arts. For over fifteen years, she has played and collaborated with various artists both in Iceland and abroad. Júlía studied at the Iceland University of the Arts and the Guildhall School of Music and Drama, for her postgraduate studies, with the addition of a two-year study programme in Berlin. She also played with the Icelandic Symphony Orchestra and The Icelandic Opera from 2013 to 2019.</p>
<p>The exhibition is a continuation of Hafnarborg’s concert series <strong>Phonemes</strong>, which is dedicated to contemporary music, having pushed the boundaries of the series’ setting – and music – to its limits, in recent years.</p>
<p><em>The exhibition is supported by The Iceland Visual Arts Fund, the Music Fund and the RÚV and STEF Composers Fund.<br />
The work was developed in part at IRCAM and ZKM.</em></p>
<p><iframe loading="lazy" style="border: none; overflow: hidden;" src="https://www.facebook.com/plugins/video.php?height=314&amp;href=https%3A%2F%2Fwww.facebook.com%2Fhafnarborg%2Fvideos%2F3596412800397001%2F&amp;show_text=false&amp;width=560" width="560" height="314" frameborder="0" scrolling="no" allowfullscreen="allowfullscreen"></iframe></p>

<p>Saturday October 24th at 2:30 p.m., Júlía Mogensen, cellist, will bring the live event programme of Davíð Brynjar Franzson&#8217;s exhibition An Urban Archive as an English Garden to a close, but the exhibition has been on view at Hafnarborg since the beginning of autumn and is set to end this weekend. There, Júlía will perform the part [&hellip;]</p>
