{"id":8335,"date":"2021-02-25T14:45:21","date_gmt":"2021-02-25T14:45:21","guid":{"rendered":"http:\/\/hafnarborg.avistaserver.com\/?post_type=event&#038;p=8335"},"modified":"2021-03-03T13:39:26","modified_gmt":"2021-03-03T13:39:26","slug":"midday-concert-thora-einarsdottir-livestream","status":"publish","type":"event","link":"https:\/\/old.hafnarborg.is\/en\/event\/midday-concert-thora-einarsdottir-livestream\/","title":{"rendered":"Midday Concert \u2013 \u00cdris Bj\u00f6rk Gunnarsd\u00f3ttir LIVESTREAM"},"content":{"rendered":"<p><strong>Tuesday March 2nd at 12 p.m.<\/strong>, the soprano <strong>\u00cdris Bj\u00f6rk Gunnarsd\u00f3ttir <\/strong>will perform at Hafnarborg\u2019s next Midday Concert alongside Anton\u00eda Hevesi, pianist and artistic director of the concert series. At the concert, \u00cdris will be replacing \u00de\u00f3ra Einarsd\u00f3ttir who unfortunately had to cancel her perforomance in short notice will perform arias by Mozart, Puccini, Verdi and Bizet.<\/p>\n<p>We are able to allow a limited number of guests to attend the concert in accordance with new COVID-19 guidelines. Guests who are interested in attending are asked to book their tickets via telephone at (354) 585 5790 during the museum\u2019s opening hours. Use of masks is required during the concert, as well as keeping a one-meter distance from other guests. The concert will, however, be streamed live both on Facebook and here on the museum\u2019s website for more people to enjoy.<\/p>\n<p><iframe loading=\"lazy\" id=\"ls_embed_1614594540\" src=\"https:\/\/livestream.com\/accounts\/5108236\/events\/9554192\/player?width=720&amp;height=405&amp;enableInfoAndActivity=true&amp;defaultDrawer=&amp;autoPlay=true&amp;mute=false\" width=\"720\" height=\"405\" frameborder=\"0\" scrolling=\"no\" allowfullscreen=\"allowfullscreen\"> <\/iframe><script type=\"text\/javascript\" data-embed_id=\"ls_embed_1614594540\" src=\"https:\/\/livestream.com\/assets\/plugins\/referrer_tracking.js\"><\/script><\/p>\n<p><strong>The livestream will start at 12 p.m., lasting for approximately half an hour, but a recording will also be available for viewing online, once the concert has ended.<\/strong><\/p>\n","protected":false},"excerpt":{"rendered":"<p>Tuesday March 2nd at 12 p.m., the soprano \u00cdris Bj\u00f6rk Gunnarsd\u00f3ttir will perform at Hafnarborg\u2019s next Midday Concert alongside Anton\u00eda Hevesi, pianist and artistic director of the concert series. At the concert, \u00cdris will be replacing \u00de\u00f3ra Einarsd\u00f3ttir who unfortunately had to cancel her perforomance in short notice will perform arias by Mozart, Puccini, Verdi [&hellip;]<\/p>\n","protected":false},"author":5,"featured_media":8355,"menu_order":210,"template":"","format":"standard","class_list":["post-8335","event","type-event","status-publish","format-standard","has-post-thumbnail","hentry"],"acf":[],"_links":{"self":[{"href":"https:\/\/old.hafnarborg.is\/en\/wp-json\/wp\/v2\/event\/8335","targetHints":{"allow":["GET"]}}],"collection":[{"href":"https:\/\/old.hafnarborg.is\/en\/wp-json\/wp\/v2\/event"}],"about":[{"href":"https:\/\/old.hafnarborg.is\/en\/wp-json\/wp\/v2\/types\/event"}],"author":[{"embeddable":true,"href":"https:\/\/old.hafnarborg.is\/en\/wp-json\/wp\/v2\/users\/5"}],"version-history":[{"count":0,"href":"https:\/\/old.hafnarborg.is\/en\/wp-json\/wp\/v2\/event\/8335\/revisions"}],"wp:featuredmedia":[{"embeddable":true,"href":"https:\/\/old.hafnarborg.is\/en\/wp-json\/wp\/v2\/media\/8355"}],"wp:attachment":[{"href":"https:\/\/old.hafnarborg.is\/en\/wp-json\/wp\/v2\/media?parent=8335"}],"curies":[{"name":"wp","href":"https:\/\/api.w.org\/{rel}","templated":true}]}}

Midday Concert – Íris Björk Gunnarsdóttir LIVESTREAM

<p><strong>Tuesday March 2nd at 12 p.m.</strong>, the soprano <strong>Íris Björk Gunnarsdóttir </strong>will perform at Hafnarborg’s next Midday Concert alongside Antonía Hevesi, pianist and artistic director of the concert series. At the concert, Íris will be replacing Þóra Einarsdóttir who unfortunately had to cancel her perforomance in short notice will perform arias by Mozart, Puccini, Verdi and Bizet.</p>
<p>We are able to allow a limited number of guests to attend the concert in accordance with new COVID-19 guidelines. Guests who are interested in attending are asked to book their tickets via telephone at (354) 585 5790 during the museum’s opening hours. Use of masks is required during the concert, as well as keeping a one-meter distance from other guests. The concert will, however, be streamed live both on Facebook and here on the museum’s website for more people to enjoy.</p>
<p><iframe loading="lazy" id="ls_embed_1614594540" src="https://livestream.com/accounts/5108236/events/9554192/player?width=720&amp;height=405&amp;enableInfoAndActivity=true&amp;defaultDrawer=&amp;autoPlay=true&amp;mute=false" width="720" height="405" frameborder="0" scrolling="no" allowfullscreen="allowfullscreen"> </iframe><script type="text/javascript" data-embed_id="ls_embed_1614594540" src="https://livestream.com/assets/plugins/referrer_tracking.js"></script></p>
<p><strong>The livestream will start at 12 p.m., lasting for approximately half an hour, but a recording will also be available for viewing online, once the concert has ended.</strong></p>

<p>Tuesday March 2nd at 12 p.m., the soprano Íris Björk Gunnarsdóttir will perform at Hafnarborg’s next Midday Concert alongside Antonía Hevesi, pianist and artistic director of the concert series. At the concert, Íris will be replacing Þóra Einarsdóttir who unfortunately had to cancel her perforomance in short notice will perform arias by Mozart, Puccini, Verdi [&hellip;]</p>
