{"id":8584,"date":"2021-08-17T23:37:03","date_gmt":"2021-08-17T23:37:03","guid":{"rendered":"http:\/\/hafnarborg.avistaserver.com\/?post_type=event&#038;p=8584"},"modified":"2021-08-19T14:26:46","modified_gmt":"2021-08-19T14:26:46","slug":"cadence-curatorial-talk-and-end-of-exhibition","status":"publish","type":"event","link":"https:\/\/old.hafnarborg.is\/en\/event\/cadence-curatorial-talk-and-end-of-exhibition\/","title":{"rendered":"Cadence \u2013 Curatorial Talk and End of Exhibition"},"content":{"rendered":"<p>The exhibition <em>Cadence<\/em>, featuring select works by artist Gu\u00f0munda Andr\u00e9sd\u00f3ttir, is <strong>set to end next Sunday, August 22nd<\/strong>, and so a <strong>guided tour of the exhibition will take place at 2 p.m.<\/strong> on its last day. Curators <strong>Unnur Mj\u00f6ll S. Leifsd\u00f3ttir<\/strong> and <strong>H\u00f3lmar H\u00f3lm<\/strong> will then talk with guests about the exhibition and Gu\u00f0munda&#8217;s life work. Guests are reminded to wear masks at the event, as well as maintaining distance between unrelated parties.<\/p>\n<p><strong>Gu\u00f0munda Andr\u00e9sd\u00f3ttir<\/strong> (1922-2002) belonged to the group of artists that worked in the style of geometric abstraction in Iceland, regularly participating in exhibitions with the well known Septem-Group, for example. Gu\u00f0munda was notably the only woman who participated in the group\u2019s exhibitions, but at the time, in the postwar period, artists, both men and women, went down the line of abstraction, seeking an international language that might express universal truth, common and comprehensible to people of all backgrounds, in a similar way to music.<\/p>\n<p><strong>Free entry and everyone welcome. Please note that t<\/strong><strong>he talk will be in Icelandic.<\/strong><\/p>\n","protected":false},"excerpt":{"rendered":"<p>The exhibition Cadence, featuring select works by artist Gu\u00f0munda Andr\u00e9sd\u00f3ttir, is set to end next Sunday, August 22nd, and so a guided tour of the exhibition will take place at 2 p.m. on its last day. Curators Unnur Mj\u00f6ll S. Leifsd\u00f3ttir and H\u00f3lmar H\u00f3lm will then talk with guests about the exhibition and Gu\u00f0munda&#8217;s life [&hellip;]<\/p>\n","protected":false},"author":6,"featured_media":8516,"menu_order":201,"template":"","format":"standard","class_list":["post-8584","event","type-event","status-publish","format-standard","has-post-thumbnail","hentry"],"acf":[],"_links":{"self":[{"href":"https:\/\/old.hafnarborg.is\/en\/wp-json\/wp\/v2\/event\/8584","targetHints":{"allow":["GET"]}}],"collection":[{"href":"https:\/\/old.hafnarborg.is\/en\/wp-json\/wp\/v2\/event"}],"about":[{"href":"https:\/\/old.hafnarborg.is\/en\/wp-json\/wp\/v2\/types\/event"}],"author":[{"embeddable":true,"href":"https:\/\/old.hafnarborg.is\/en\/wp-json\/wp\/v2\/users\/6"}],"version-history":[{"count":0,"href":"https:\/\/old.hafnarborg.is\/en\/wp-json\/wp\/v2\/event\/8584\/revisions"}],"wp:featuredmedia":[{"embeddable":true,"href":"https:\/\/old.hafnarborg.is\/en\/wp-json\/wp\/v2\/media\/8516"}],"wp:attachment":[{"href":"https:\/\/old.hafnarborg.is\/en\/wp-json\/wp\/v2\/media?parent=8584"}],"curies":[{"name":"wp","href":"https:\/\/api.w.org\/{rel}","templated":true}]}}

<p>The exhibition <em>Cadence</em>, featuring select works by artist Guðmunda Andrésdóttir, is <strong>set to end next Sunday, August 22nd</strong>, and so a <strong>guided tour of the exhibition will take place at 2 p.m.</strong> on its last day. Curators <strong>Unnur Mjöll S. Leifsdóttir</strong> and <strong>Hólmar Hólm</strong> will then talk with guests about the exhibition and Guðmunda&#8217;s life work. Guests are reminded to wear masks at the event, as well as maintaining distance between unrelated parties.</p>
<p><strong>Guðmunda Andrésdóttir</strong> (1922-2002) belonged to the group of artists that worked in the style of geometric abstraction in Iceland, regularly participating in exhibitions with the well known Septem-Group, for example. Guðmunda was notably the only woman who participated in the group’s exhibitions, but at the time, in the postwar period, artists, both men and women, went down the line of abstraction, seeking an international language that might express universal truth, common and comprehensible to people of all backgrounds, in a similar way to music.</p>
<p><strong>Free entry and everyone welcome. Please note that t</strong><strong>he talk will be in Icelandic.</strong></p>

<p>The exhibition Cadence, featuring select works by artist Guðmunda Andrésdóttir, is set to end next Sunday, August 22nd, and so a guided tour of the exhibition will take place at 2 p.m. on its last day. Curators Unnur Mjöll S. Leifsdóttir and Hólmar Hólm will then talk with guests about the exhibition and Guðmunda&#8217;s life [&hellip;]</p>
