{"id":9260,"date":"2022-01-25T10:50:46","date_gmt":"2022-01-25T10:50:46","guid":{"rendered":"https:\/\/old.hafnarborg.is\/?post_type=event&#038;p=9260"},"modified":"2022-02-11T12:51:30","modified_gmt":"2022-02-11T12:51:30","slug":"9260","status":"publish","type":"event","link":"https:\/\/old.hafnarborg.is\/en\/event\/9260\/","title":{"rendered":"Midday Concert \u2013 D\u00edsella L\u00e1rusd\u00f3ttir"},"content":{"rendered":"<p><strong>Tuesday, February 1st at 12 p.m.<\/strong>, the soprano\u00a0<strong>D\u00edsella L\u00e1rusd\u00f3ttir <\/strong>will perform at the next Midday Concert in Hafnarborg, alongside\u00a0<strong>Anton\u00eda Hevesi<\/strong>, pianist and artistic director of the concert series. At the concert, D\u00edsella will sing arias by <em>Donizetti, Bizet<\/em> and <em>Gounod<\/em>.<\/p>\n<p>The concert will be streamed here in the frame below:<br \/>\n<iframe loading=\"lazy\" id=\"ls_embed_1643634210\" src=\"https:\/\/livestream.com\/accounts\/5108236\/events\/10129776\/player?width=720&amp;height=405&amp;enableInfoAndActivity=true&amp;defaultDrawer=&amp;autoPlay=true&amp;mute=false\" width=\"720\" height=\"405\" frameborder=\"0\" scrolling=\"no\" allowfullscreen=\"allowfullscreen\"> <\/iframe><script type=\"text\/javascript\" data-embed_id=\"ls_embed_1643634210\" src=\"https:\/\/livestream.com\/assets\/plugins\/referrer_tracking.js\"><\/script><\/p>\n<p><strong>The concert starts promptly at 12 p.m., lasting for approximately half an hour. Entry is free, but seating is limited due to current restrictions on public gatherings. Masks are mandatory. The event will also be streamed here on the website and on the facebook event.<\/strong><\/p>\n","protected":false},"excerpt":{"rendered":"<p>Tuesday, February 1st at 12 p.m., the soprano\u00a0D\u00edsella L\u00e1rusd\u00f3ttir will perform at the next Midday Concert in Hafnarborg, alongside\u00a0Anton\u00eda Hevesi, pianist and artistic director of the concert series. At the concert, D\u00edsella will sing arias by Donizetti, Bizet and Gounod. The concert will be streamed here in the frame below: The concert starts promptly at [&hellip;]<\/p>\n","protected":false},"author":5,"featured_media":6785,"menu_order":174,"template":"","format":"standard","class_list":["post-9260","event","type-event","status-publish","format-standard","has-post-thumbnail","hentry"],"acf":[],"_links":{"self":[{"href":"https:\/\/old.hafnarborg.is\/en\/wp-json\/wp\/v2\/event\/9260","targetHints":{"allow":["GET"]}}],"collection":[{"href":"https:\/\/old.hafnarborg.is\/en\/wp-json\/wp\/v2\/event"}],"about":[{"href":"https:\/\/old.hafnarborg.is\/en\/wp-json\/wp\/v2\/types\/event"}],"author":[{"embeddable":true,"href":"https:\/\/old.hafnarborg.is\/en\/wp-json\/wp\/v2\/users\/5"}],"version-history":[{"count":8,"href":"https:\/\/old.hafnarborg.is\/en\/wp-json\/wp\/v2\/event\/9260\/revisions"}],"predecessor-version":[{"id":9372,"href":"https:\/\/old.hafnarborg.is\/en\/wp-json\/wp\/v2\/event\/9260\/revisions\/9372"}],"wp:featuredmedia":[{"embeddable":true,"href":"https:\/\/old.hafnarborg.is\/en\/wp-json\/wp\/v2\/media\/6785"}],"wp:attachment":[{"href":"https:\/\/old.hafnarborg.is\/en\/wp-json\/wp\/v2\/media?parent=9260"}],"curies":[{"name":"wp","href":"https:\/\/api.w.org\/{rel}","templated":true}]}}

Midday Concert – Dísella Lárusdóttir

<p><strong>Tuesday, February 1st at 12 p.m.</strong>, the soprano <strong>Dísella Lárusdóttir </strong>will perform at the next Midday Concert in Hafnarborg, alongside <strong>Antonía Hevesi</strong>, pianist and artistic director of the concert series. At the concert, Dísella will sing arias by <em>Donizetti, Bizet</em> and <em>Gounod</em>.</p>
<p>The concert will be streamed here in the frame below:<br />
<iframe loading="lazy" id="ls_embed_1643634210" src="https://livestream.com/accounts/5108236/events/10129776/player?width=720&amp;height=405&amp;enableInfoAndActivity=true&amp;defaultDrawer=&amp;autoPlay=true&amp;mute=false" width="720" height="405" frameborder="0" scrolling="no" allowfullscreen="allowfullscreen"> </iframe><script type="text/javascript" data-embed_id="ls_embed_1643634210" src="https://livestream.com/assets/plugins/referrer_tracking.js"></script></p>
<p><strong>The concert starts promptly at 12 p.m., lasting for approximately half an hour. Entry is free, but seating is limited due to current restrictions on public gatherings. Masks are mandatory. The event will also be streamed here on the website and on the facebook event.</strong></p>

<p>Tuesday, February 1st at 12 p.m., the soprano Dísella Lárusdóttir will perform at the next Midday Concert in Hafnarborg, alongside Antonía Hevesi, pianist and artistic director of the concert series. At the concert, Dísella will sing arias by Donizetti, Bizet and Gounod. The concert will be streamed here in the frame below: The concert starts promptly at [&hellip;]</p>
