{"id":9268,"date":"2022-01-26T10:50:34","date_gmt":"2022-01-26T10:50:34","guid":{"rendered":"https:\/\/old.hafnarborg.is\/?post_type=event&#038;p=9268"},"modified":"2022-03-22T13:56:26","modified_gmt":"2022-03-22T13:56:26","slug":"artist-talk-hallgerdur-hallgrimsdottir","status":"publish","type":"event","link":"https:\/\/old.hafnarborg.is\/en\/event\/artist-talk-hallgerdur-hallgrimsdottir\/","title":{"rendered":"Artist Talk &#8211; Hallger\u00f0ur Hallgr\u00edmsd\u00f3ttir"},"content":{"rendered":"<p><strong>Sunday February 6th at 2 p.m.<\/strong>, artist <strong>Hallger\u00f0ur Hallgr\u00edmsd\u00f3ttir <\/strong>will talk about her work and the exhibition <em>A Few Thoughts on Photography \u2013 Vol. III,<\/em> now on view at Hafnarborg. The curator of the exhibition is\u00a0<strong>Unnar \u00d6rn Au\u00f0arson<\/strong>.<\/p>\n<p>At the exhibition, Hallger\u00f0ur directs our gaze at photography as a medium, examining not just the reality <em>in<\/em>\u00a0the photograph but the reality\u00a0<em>of<\/em> the photograph. By utilizing the various possibilities of the medium, she goes beyond just capturing a subject in good lighting, involving instead everything that happens inside the camera, the darkroom or, lately, in digital processing. At every stage in this process, the production of the image can take a whole, new turn, as there is no correct way of creating a photograph and the camera has its own effect on the end result.<\/p>\n<p><em>The exhibition is a part of the programme of The Icelandic Photo Festival 2022. The exhibition is supported in part by Myndstef.<\/em><\/p>\n<p style=\"padding-left: 240px;\"><a href=\"http:\/\/tipf.is\/en\/home\/\" target=\"_blank\" rel=\"noopener noreferrer\"><img decoding=\"async\" class=\"alignnone\" src=\"https:\/\/old.hafnarborg.is\/wp-content\/uploads\/2019\/12\/L\u00f3g\u00f3-Lj\u00f3smyndah\u00e1t\u00ed\u00f0-\u00cdslands-svarthv\u00edtt-transparent.png\" \/><\/a><\/p>\n","protected":false},"excerpt":{"rendered":"<p>Sunday February 6th at 2 p.m., artist Hallger\u00f0ur Hallgr\u00edmsd\u00f3ttir will talk about her work and the exhibition A Few Thoughts on Photography \u2013 Vol. III, now on view at Hafnarborg. The curator of the exhibition is\u00a0Unnar \u00d6rn Au\u00f0arson. At the exhibition, Hallger\u00f0ur directs our gaze at photography as a medium, examining not just the reality [&hellip;]<\/p>\n","protected":false},"author":5,"featured_media":9521,"menu_order":172,"template":"","format":"standard","class_list":["post-9268","event","type-event","status-publish","format-standard","has-post-thumbnail","hentry"],"acf":[],"_links":{"self":[{"href":"https:\/\/old.hafnarborg.is\/en\/wp-json\/wp\/v2\/event\/9268","targetHints":{"allow":["GET"]}}],"collection":[{"href":"https:\/\/old.hafnarborg.is\/en\/wp-json\/wp\/v2\/event"}],"about":[{"href":"https:\/\/old.hafnarborg.is\/en\/wp-json\/wp\/v2\/types\/event"}],"author":[{"embeddable":true,"href":"https:\/\/old.hafnarborg.is\/en\/wp-json\/wp\/v2\/users\/5"}],"version-history":[{"count":7,"href":"https:\/\/old.hafnarborg.is\/en\/wp-json\/wp\/v2\/event\/9268\/revisions"}],"predecessor-version":[{"id":9561,"href":"https:\/\/old.hafnarborg.is\/en\/wp-json\/wp\/v2\/event\/9268\/revisions\/9561"}],"wp:featuredmedia":[{"embeddable":true,"href":"https:\/\/old.hafnarborg.is\/en\/wp-json\/wp\/v2\/media\/9521"}],"wp:attachment":[{"href":"https:\/\/old.hafnarborg.is\/en\/wp-json\/wp\/v2\/media?parent=9268"}],"curies":[{"name":"wp","href":"https:\/\/api.w.org\/{rel}","templated":true}]}}

Artist Talk &#8211; Hallgerður Hallgrímsdóttir

<p><strong>Sunday February 6th at 2 p.m.</strong>, artist <strong>Hallgerður Hallgrímsdóttir </strong>will talk about her work and the exhibition <em>A Few Thoughts on Photography – Vol. III,</em> now on view at Hafnarborg. The curator of the exhibition is <strong>Unnar Örn Auðarson</strong>.</p>
<p>At the exhibition, Hallgerður directs our gaze at photography as a medium, examining not just the reality <em>in</em> the photograph but the reality <em>of</em> the photograph. By utilizing the various possibilities of the medium, she goes beyond just capturing a subject in good lighting, involving instead everything that happens inside the camera, the darkroom or, lately, in digital processing. At every stage in this process, the production of the image can take a whole, new turn, as there is no correct way of creating a photograph and the camera has its own effect on the end result.</p>
<p><em>The exhibition is a part of the programme of The Icelandic Photo Festival 2022. The exhibition is supported in part by Myndstef.</em></p>
<p style="padding-left: 240px;"><a href="http://tipf.is/en/home/" target="_blank" rel="noopener noreferrer"><img decoding="async" class="alignnone" src="https://old.hafnarborg.is/wp-content/uploads/2019/12/Lógó-Ljósmyndahátíð-Íslands-svarthvítt-transparent.png" /></a></p>

<p>Sunday February 6th at 2 p.m., artist Hallgerður Hallgrímsdóttir will talk about her work and the exhibition A Few Thoughts on Photography – Vol. III, now on view at Hafnarborg. The curator of the exhibition is Unnar Örn Auðarson. At the exhibition, Hallgerður directs our gaze at photography as a medium, examining not just the reality [&hellip;]</p>
