{"id":9312,"date":"2022-02-04T11:46:57","date_gmt":"2022-02-04T11:46:57","guid":{"rendered":"https:\/\/old.hafnarborg.is\/?post_type=event&#038;p=9312"},"modified":"2022-03-22T13:57:36","modified_gmt":"2022-03-22T13:57:36","slug":"curatorial-talk-a-few-thoughts-on-photography","status":"publish","type":"event","link":"https:\/\/old.hafnarborg.is\/en\/event\/curatorial-talk-a-few-thoughts-on-photography\/","title":{"rendered":"Curatorial Talk \u2013 A Few Thoughts on Photography"},"content":{"rendered":"<p><strong>Sunday March 27th at 2 p.m.<\/strong>, we invite you to a curatorial talk about <strong>Hallger\u00f0ur Hallgr\u00edmsd\u00f3ttir<\/strong>&#8216;s exhibition, <em>A Few Thoughts on Photography \u2013 Vol. III<\/em>., where curator <strong>Unnar \u00d6rn Au\u00f0arson<\/strong> will discuss Hallger\u00f0ur&#8217;s artistic vision and the concept behind the exhibition.<\/p>\n<p>At the exhibition, Hallger\u00f0ur directs our gaze at photography as a medium, examining not just the reality <em>in<\/em>\u00a0the photograph but the reality\u00a0<em>of<\/em> the photograph. By utilizing the various possibilities of the medium, she goes beyond just capturing a subject in good lighting, involving instead everything that happens inside the camera, the darkroom or, lately, in digital processing. At every stage in this process, the production of the image can take a whole, new turn, as there is no correct way of creating a photograph and the camera has its own effect on the end result.<\/p>\n<p><em>The exhibition is a part of the programme of The Icelandic Photo Festival 2022. The exhibition is supported in part by Myndstef.<\/em><\/p>\n<p style=\"padding-left: 240px;\"><a href=\"http:\/\/tipf.is\/\" target=\"_blank\" rel=\"noopener noreferrer\"><img decoding=\"async\" class=\"alignnone\" src=\"https:\/\/old.hafnarborg.is\/wp-content\/uploads\/2019\/12\/L\u00f3g\u00f3-Lj\u00f3smyndah\u00e1t\u00ed\u00f0-\u00cdslands-svarthv\u00edtt-transparent.png\" \/><\/a><\/p>\n","protected":false},"excerpt":{"rendered":"<p>Sunday March 27th at 2 p.m., we invite you to a curatorial talk about Hallger\u00f0ur Hallgr\u00edmsd\u00f3ttir&#8216;s exhibition, A Few Thoughts on Photography \u2013 Vol. III., where curator Unnar \u00d6rn Au\u00f0arson will discuss Hallger\u00f0ur&#8217;s artistic vision and the concept behind the exhibition. At the exhibition, Hallger\u00f0ur directs our gaze at photography as a medium, examining not [&hellip;]<\/p>\n","protected":false},"author":5,"featured_media":9521,"menu_order":167,"template":"","format":"standard","class_list":["post-9312","event","type-event","status-publish","format-standard","has-post-thumbnail","hentry"],"acf":[],"_links":{"self":[{"href":"https:\/\/old.hafnarborg.is\/en\/wp-json\/wp\/v2\/event\/9312","targetHints":{"allow":["GET"]}}],"collection":[{"href":"https:\/\/old.hafnarborg.is\/en\/wp-json\/wp\/v2\/event"}],"about":[{"href":"https:\/\/old.hafnarborg.is\/en\/wp-json\/wp\/v2\/types\/event"}],"author":[{"embeddable":true,"href":"https:\/\/old.hafnarborg.is\/en\/wp-json\/wp\/v2\/users\/5"}],"version-history":[{"count":7,"href":"https:\/\/old.hafnarborg.is\/en\/wp-json\/wp\/v2\/event\/9312\/revisions"}],"predecessor-version":[{"id":9562,"href":"https:\/\/old.hafnarborg.is\/en\/wp-json\/wp\/v2\/event\/9312\/revisions\/9562"}],"wp:featuredmedia":[{"embeddable":true,"href":"https:\/\/old.hafnarborg.is\/en\/wp-json\/wp\/v2\/media\/9521"}],"wp:attachment":[{"href":"https:\/\/old.hafnarborg.is\/en\/wp-json\/wp\/v2\/media?parent=9312"}],"curies":[{"name":"wp","href":"https:\/\/api.w.org\/{rel}","templated":true}]}}

<p><strong>Sunday March 27th at 2 p.m.</strong>, we invite you to a curatorial talk about <strong>Hallgerður Hallgrímsdóttir</strong>&#8216;s exhibition, <em>A Few Thoughts on Photography – Vol. III</em>., where curator <strong>Unnar Örn Auðarson</strong> will discuss Hallgerður&#8217;s artistic vision and the concept behind the exhibition.</p>
<p>At the exhibition, Hallgerður directs our gaze at photography as a medium, examining not just the reality <em>in</em> the photograph but the reality <em>of</em> the photograph. By utilizing the various possibilities of the medium, she goes beyond just capturing a subject in good lighting, involving instead everything that happens inside the camera, the darkroom or, lately, in digital processing. At every stage in this process, the production of the image can take a whole, new turn, as there is no correct way of creating a photograph and the camera has its own effect on the end result.</p>
<p><em>The exhibition is a part of the programme of The Icelandic Photo Festival 2022. The exhibition is supported in part by Myndstef.</em></p>
<p style="padding-left: 240px;"><a href="http://tipf.is/" target="_blank" rel="noopener noreferrer"><img decoding="async" class="alignnone" src="https://old.hafnarborg.is/wp-content/uploads/2019/12/Lógó-Ljósmyndahátíð-Íslands-svarthvítt-transparent.png" /></a></p>

<p>Sunday March 27th at 2 p.m., we invite you to a curatorial talk about Hallgerður Hallgrímsdóttir&#8216;s exhibition, A Few Thoughts on Photography – Vol. III., where curator Unnar Örn Auðarson will discuss Hallgerður&#8217;s artistic vision and the concept behind the exhibition. At the exhibition, Hallgerður directs our gaze at photography as a medium, examining not [&hellip;]</p>
